{"id":224,"date":"2022-08-17T19:58:17","date_gmt":"2022-08-17T17:58:17","guid":{"rendered":"https:\/\/www.mission-21.org\/?page_id=224"},"modified":"2025-12-09T16:25:12","modified_gmt":"2025-12-09T15:25:12","slug":"herencia-y-legado","status":"publish","type":"page","link":"https:\/\/www.mission-21.org\/es\/spenden\/erbschaft-und-legate\/","title":{"rendered":"Herencias y legados"},"content":{"rendered":"<img decoding=\"async\" src=\"https:\/\/www.mission-21.org\/wp-content\/uploads\/2022\/08\/csm_header_news_d521d70e38.jpeg\" alt=\"csm header news d521d70e38\" itemprop=\"image\" height=\"688\" width=\"1680\" title=\"csm_Header_News_d521d70e38\" onerror=\"this.style.display='none'\" loading='lazy' \/>\n\t<h2><strong>\u00a1Da ejemplo!<\/strong><\/h2>\n<p>\u00bfTe gustar\u00eda hacer posible que las personas desfavorecidas de los pa\u00edses m\u00e1s pobres vivan con dignidad y mejores oportunidades de futuro? \u00bfY expresar que la comunidad de la iglesia mundial es importante para usted? Mission 21 trabaja en 15 pa\u00edses de \u00c1frica, Asia y Am\u00e9rica Latina en el marco de la cooperaci\u00f3n internacional para el desarrollo sostenible y la ayuda humanitaria para la consolidaci\u00f3n de la paz, la educaci\u00f3n, la sanidad, la soberan\u00eda alimentaria y la igualdad de g\u00e9nero.<\/p>\n<h2><strong>Esto es lo que puede hacer su patrimonio<\/strong><\/h2>\n<p>Hay varias formas de apoyar el trabajo de Mission 21 y de sus iglesias y organizaciones asociadas, por ejemplo a trav\u00e9s de <a href=\"https:\/\/www.mission-21.org\/es\/donar\/donar-para-el-evento\/\">una donaci\u00f3n en caso de fallecimiento, cumplea\u00f1os o boda<\/a> o mediante donaciones en especie como valores y bienes inmuebles. Con un legado o herencia, usted asegura el trabajo de nuestros proyectos a largo plazo y de forma sostenible. De este modo, puede hacer el bien mucho m\u00e1s all\u00e1 de su tiempo. Un legado, por ejemplo, hace posible lo siguiente:<\/p>\n\t\t\t <p>Una ni\u00f1a por fin recibe una educaci\u00f3n. Porque se est\u00e1n construyendo nuevas escuelas.<\/p>\t\t\n\t\t\t <p>Un agricultor de Bolivia recibe formaci\u00f3n en agricultura sostenible y asegura as\u00ed la supervivencia de su familia.<\/p>\t\t\n\t\t\t <p>En Malasia, los te\u00f3logos est\u00e1n formados en el di\u00e1logo interreligioso e inter\u00e9tnico y act\u00faan como pacificadores.<\/p>\t\t\n\t<h2>Historias conmovedoras<\/h2>\n<p>Cuando la gente deja un legado a Mission 21, es una se\u00f1al significativa de confianza. Demuestra un profundo compromiso humano que hace posible que apoyemos a personas de \u00c1frica, Asia y Am\u00e9rica Latina...<\/p>\n<p>De vez en cuando, recibimos de familiares o amigos atisbos de la vida de quienes tanto han apreciado nuestro trabajo. En reconocimiento a su contribuci\u00f3n, nos gustar\u00eda honrar su memoria y la de sus seres queridos. Naturalmente, respetamos el deseo de anonimato y s\u00f3lo publicamos informaci\u00f3n previa consulta y en inter\u00e9s de la persona fallecida o de sus familiares.<\/p>\n\t<h4>En memoria de Lisa Meyer<\/h4>\n<p>Lisa Meyer, nacida en Grindelwald en 1936, trabaj\u00f3 como enfermera para la Misi\u00f3n de Basilea en \u00c1frica durante m\u00e1s de 13 a\u00f1os. No solo trabaj\u00f3 en el quir\u00f3fano, sino tambi\u00e9n en un pabell\u00f3n de lepra, donde trat\u00f3 a innumerables pacientes y luch\u00f3 contra el estigma de la enfermedad.<\/p>\n<p>Tras su regreso a Suiza, sigui\u00f3 estrechamente vinculada a Mission 21, asistiendo a las jornadas de antiguos alumnos y apoyando nuestros proyectos con donativos. Falleci\u00f3 a los 88 a\u00f1os, pero su legado perdura: en su testamento hizo un generoso legado a Mission 21.<\/p>\n<p>Recordamos a Lisa Meyer con gratitud por su profunda confianza y sus muchos a\u00f1os de lealtad, cuyo compromiso con los dem\u00e1s contin\u00faa incluso despu\u00e9s de su muerte.<\/p>\n\t\t\t\t<img decoding=\"async\" src=\"https:\/\/www.mission-21.org\/wp-content\/uploads\/2024\/12\/meyer-liseli_1965-002-1.jpg\" alt=\"meyer liseli 1965 (002)\" itemprop=\"image\" height=\"733\" width=\"643\" title=\"Meyer Liseli_1965 (002)\" onerror=\"this.style.display='none'\" loading='lazy' \/>\n\t<h4>En memoria de Ruth Kunz<\/h4>\n<p>Ruth Kunz, nacida en 1931 en Wetzikon, apoy\u00f3 a Mission 21 con gran compromiso durante casi 20 a\u00f1os. Su valiosa ayuda contribuy\u00f3 decisivamente a nuestros proyectos y lleg\u00f3 a muchas personas necesitadas.<\/p>\n<p>En agradecimiento a su generosidad, Ruth Kunz se acord\u00f3 de Mission 21 en su testamento. Su legado perdura en nuestros corazones y nos permite continuar nuestra importante labor.<\/p>\n<p>Queremos agradecerle sinceramente su confianza y sus muchos a\u00f1os de lealtad. El compromiso de Ruth Kunz seguir\u00e1 marcando una diferencia significativa en la vida de muchas personas incluso despu\u00e9s de su muerte.<\/p>\n\t<h2><strong>Registre su \u00faltima voluntad<\/strong><\/h2>\n<p>Es importante que determine a tiempo lo que debe ocurrir con su patrimonio tras su fallecimiento. Nuestras publicaciones \"Pasar a mejor vida: Su legado para el futuro\" y \"Mis \u00faltimos deseos\" le ayudar\u00e1n a planificarlo.<\/p>\n<p>El folleto <strong>\"Transmitir - dejar huella: Su legado para el futuro\"<\/strong> ofrece una visi\u00f3n general de la situaci\u00f3n actual y futura del Derecho de sucesiones y muestra ejemplos de c\u00f3mo puede ser un testamento. <strong>\"<\/strong><strong>Mis \u00faltimos deseos\"<\/strong> ofrece a los familiares una lista de comprobaci\u00f3n sobre lo que deben tener en cuenta y hacer tras un fallecimiento. Ambas publicaciones pueden solicitarse gratuitamente a Mission 21 o descargarse en formato PDF:<\/p>\n\t\t<ul>\n<li>\n\t\t<a href=\"https:\/\/www.mission-21.org\/es\/tienda\/producto\/folletos-legado-mi-memoria-del-futuro\/\"><img width=\"300\" height=\"426\" src=\"https:\/\/www.mission-21.org\/wp-content\/uploads\/2022\/09\/titelbild_legatebroschuere_2025-300x426.png\" alt=\"folleto &quot;mis \u00faltimos deseos&quot;\" decoding=\"async\" srcset=\"https:\/\/www.mission-21.org\/wp-content\/uploads\/2022\/09\/titelbild_legatebroschuere_2025-300x426.png 300w, https:\/\/www.mission-21.org\/wp-content\/uploads\/2022\/09\/titelbild_legatebroschuere_2025-8x12.png 8w, https:\/\/www.mission-21.org\/wp-content\/uploads\/2022\/09\/titelbild_legatebroschuere_2025.png 477w\" sizes=\"(max-width: 300px) 100vw, 300px\" \/><\/a><a href=\"https:\/\/www.mission-21.org\/es\/tienda\/producto\/folletos-legado-mi-memoria-del-futuro\/\" data-product_id=\"2726\">Seleccione la versi\u00f3n<\/a><a href=\"https:\/\/www.mission-21.org\/es\/tienda\/producto\/folletos-legado-mi-memoria-del-futuro\/\"><h2>Folleto \"Su legado para el futuro\"<\/h2><\/a>\t\n<\/li>\n<li>\n\t\t<a href=\"https:\/\/www.mission-21.org\/es\/tienda\/producto\/folletos-mi-ultimo-deseo\/\"><img width=\"300\" height=\"423\" src=\"https:\/\/www.mission-21.org\/wp-content\/uploads\/2022\/09\/titelbild_meine-letzten-wuensche_2025-300x423.png\" alt=\"folleto &quot;mis \u00faltimos deseos&quot;\" decoding=\"async\" srcset=\"https:\/\/www.mission-21.org\/wp-content\/uploads\/2022\/09\/titelbild_meine-letzten-wuensche_2025-300x423.png 300w, https:\/\/www.mission-21.org\/wp-content\/uploads\/2022\/09\/titelbild_meine-letzten-wuensche_2025-9x12.png 9w, https:\/\/www.mission-21.org\/wp-content\/uploads\/2022\/09\/titelbild_meine-letzten-wuensche_2025.png 482w\" sizes=\"(max-width: 300px) 100vw, 300px\" \/><\/a><a href=\"https:\/\/www.mission-21.org\/es\/tienda\/producto\/folletos-mi-ultimo-deseo\/\" data-product_id=\"2728\">Seleccione la versi\u00f3n<\/a><a href=\"https:\/\/www.mission-21.org\/es\/tienda\/producto\/folletos-mi-ultimo-deseo\/\"><h2>Folleto \"Mis \u00faltimos deseos\"<\/h2><\/a>\t\n<\/li>\n<\/ul>\n\t\t<!--\n\t\t-->\n\t\t\t\t\t\t<a href=\"#\" id=\"uabb-quick-view-close\"><\/a>\n\t\t<a href=\"https:\/\/www.mission-21.org\/es\/equipo\/stefanie-schaad-2\/\" title=\"Mostrar el contenido del campo de visualizaci\u00f3n\" target=\"_self\"  aria-label=\"Elemento de puesto\"><\/a>\t\t\n\t<meta itemscope itemprop=\"mainEntityOfPage\" itemtype=\"https:\/\/schema.org\/WebPage\" itemid=\"https:\/\/www.mission-21.org\/team\/stefanie-schaad\/\" content=\"Stefanie Schaad\" \/><meta itemprop=\"datePublished\" content=\"2024-06-20\" \/><meta itemprop=\"dateModified\" content=\"2024-06-27\" \/><meta itemprop=\"name\" content=\"Mission 21\"\/><meta itemprop=\"url\" content=\"https:\/\/www.mission-21.org\/wp-content\/uploads\/2022\/08\/de-blau.svg\"\/><meta itemprop=\"url\" content=\"https:\/\/www.mission-21.org\/author\/ms_i2r4b8vl\/\" \/><meta itemprop=\"name\" content=\"Michael Salzer\" \/><meta itemprop=\"url\" content=\"https:\/\/www.mission-21.org\/wp-content\/uploads\/2024\/06\/stefanie_schaad-1.png\" \/><meta itemprop=\"width\" content=\"654\" \/><meta itemprop=\"height\" content=\"787\" \/><meta itemprop=\"interactionType\" content=\"https:\/\/schema.org\/CommentAction\" \/><meta itemprop=\"userInteractionCount\" content=\"0\" \/>\n\t<img width=\"654\" height=\"787\" src=\"https:\/\/www.mission-21.org\/wp-content\/uploads\/2024\/06\/stefanie_schaad-1.png\" alt=\"stefanie schaad\" itemprop=\"image\" decoding=\"async\" srcset=\"https:\/\/www.mission-21.org\/wp-content\/uploads\/2024\/06\/stefanie_schaad-1.png 654w, https:\/\/www.mission-21.org\/wp-content\/uploads\/2024\/06\/stefanie_schaad-1-10x12.png 10w, https:\/\/www.mission-21.org\/wp-content\/uploads\/2024\/06\/stefanie_schaad-1-300x361.png 300w, https:\/\/www.mission-21.org\/wp-content\/uploads\/2024\/06\/stefanie_schaad-1-600x722.png 600w\" sizes=\"(max-width: 654px) 100vw, 654px\" \/>\n<h3>Stefanie Schaad<\/h3>\n<p>Legados y herencias responsables<\/p>\n<p>Tel\u00e9fono +41 (0)61 260 22 28<\/p>\n<p><a href=\"mailto:stefanie.schaad@mission-21.org\">\u25ba Correo electr\u00f3nico<\/a><\/p>","protected":false},"excerpt":{"rendered":"<p>Setzen Sie ein Zeichen! M\u00f6chten Sie benachteiligten Menschen in \u00e4rmeren L\u00e4ndern ein Leben in W\u00fcrde und mit besseren Chancen f\u00fcr die Zukunft erm\u00f6glichen? Und zum Ausdruck bringen, dass Ihnen die Gemeinschaft der weltweiten Kirche ein wichtiges Anliegen ist? Mission 21 engagiert sich in 15 L\u00e4ndern in Afrika, Asien und Lateinamerika im Rahmen von internationaler Zusammenarbeit [&hellip;]<\/p>\n","protected":false},"author":1,"featured_media":3025,"parent":221,"menu_order":0,"comment_status":"closed","ping_status":"closed","template":"","meta":{"_acf_changed":false,"_seopress_robots_primary_cat":"","_seopress_titles_title":"","_seopress_titles_desc":"","_seopress_robots_index":"","_searchwp_excluded":"","site-sidebar-layout":"default","site-content-layout":"","ast-site-content-layout":"default","site-content-style":"default","site-sidebar-style":"default","ast-global-header-display":"","ast-banner-title-visibility":"","ast-main-header-display":"","ast-hfb-above-header-display":"","ast-hfb-below-header-display":"","ast-hfb-mobile-header-display":"","site-post-title":"","ast-breadcrumbs-content":"","ast-featured-img":"","footer-sml-layout":"","ast-disable-related-posts":"","theme-transparent-header-meta":"","adv-header-id-meta":"","stick-header-meta":"","header-above-stick-meta":"","header-main-stick-meta":"","header-below-stick-meta":"","astra-migrate-meta-layouts":"set","ast-page-background-enabled":"default","ast-page-background-meta":{"desktop":{"background-color":"var(--ast-global-color-4)","background-image":"","background-repeat":"repeat","background-position":"center center","background-size":"auto","background-attachment":"scroll","background-type":"","background-media":"","overlay-type":"","overlay-color":"","overlay-opacity":"","overlay-gradient":""},"tablet":{"background-color":"","background-image":"","background-repeat":"repeat","background-position":"center center","background-size":"auto","background-attachment":"scroll","background-type":"","background-media":"","overlay-type":"","overlay-color":"","overlay-opacity":"","overlay-gradient":""},"mobile":{"background-color":"","background-image":"","background-repeat":"repeat","background-position":"center center","background-size":"auto","background-attachment":"scroll","background-type":"","background-media":"","overlay-type":"","overlay-color":"","overlay-opacity":"","overlay-gradient":""}},"ast-content-background-meta":{"desktop":{"background-color":"var(--ast-global-color-5)","background-image":"","background-repeat":"repeat","background-position":"center center","background-size":"auto","background-attachment":"scroll","background-type":"","background-media":"","overlay-type":"","overlay-color":"","overlay-opacity":"","overlay-gradient":""},"tablet":{"background-color":"var(--ast-global-color-5)","background-image":"","background-repeat":"repeat","background-position":"center center","background-size":"auto","background-attachment":"scroll","background-type":"","background-media":"","overlay-type":"","overlay-color":"","overlay-opacity":"","overlay-gradient":""},"mobile":{"background-color":"var(--ast-global-color-5)","background-image":"","background-repeat":"repeat","background-position":"center center","background-size":"auto","background-attachment":"scroll","background-type":"","background-media":"","overlay-type":"","overlay-color":"","overlay-opacity":"","overlay-gradient":""}},"iawp_total_views":404,"footnotes":""},"hf_cat_page":[303],"class_list":["post-224","page","type-page","status-publish","has-post-thumbnail"],"acf":[],"_links":{"self":[{"href":"https:\/\/www.mission-21.org\/es\/wp-json\/wp\/v2\/pages\/224","targetHints":{"allow":["GET"]}}],"collection":[{"href":"https:\/\/www.mission-21.org\/es\/wp-json\/wp\/v2\/pages"}],"about":[{"href":"https:\/\/www.mission-21.org\/es\/wp-json\/wp\/v2\/types\/page"}],"author":[{"embeddable":true,"href":"https:\/\/www.mission-21.org\/es\/wp-json\/wp\/v2\/users\/1"}],"replies":[{"embeddable":true,"href":"https:\/\/www.mission-21.org\/es\/wp-json\/wp\/v2\/comments?post=224"}],"version-history":[{"count":11,"href":"https:\/\/www.mission-21.org\/es\/wp-json\/wp\/v2\/pages\/224\/revisions"}],"predecessor-version":[{"id":19312,"href":"https:\/\/www.mission-21.org\/es\/wp-json\/wp\/v2\/pages\/224\/revisions\/19312"}],"up":[{"embeddable":true,"href":"https:\/\/www.mission-21.org\/es\/wp-json\/wp\/v2\/pages\/221"}],"wp:featuredmedia":[{"embeddable":true,"href":"https:\/\/www.mission-21.org\/es\/wp-json\/wp\/v2\/media\/3025"}],"wp:attachment":[{"href":"https:\/\/www.mission-21.org\/es\/wp-json\/wp\/v2\/media?parent=224"}],"wp:term":[{"taxonomy":"hf_cat_page","embeddable":true,"href":"https:\/\/www.mission-21.org\/es\/wp-json\/wp\/v2\/hf_cat_page?post=224"}],"curies":[{"name":"wp","href":"https:\/\/api.w.org\/{rel}","templated":true}]}}

<img decoding="async" src="https://www.mission-21.org/wp-content/uploads/2022/08/csm_header_news_d521d70e38.jpeg" alt="csm header news d521d70e38" itemprop="image" height="688" width="1680" title="csm_Header_News_d521d70e38" onerror="this.style.display='none'" loading='lazy' />
	<h2><strong>¡Da ejemplo!</strong></h2>
<p>¿Te gustaría hacer posible que las personas desfavorecidas de los países más pobres vivan con dignidad y mejores oportunidades de futuro? ¿Y expresar que la comunidad de la iglesia mundial es importante para usted? Mission 21 trabaja en 15 países de África, Asia y América Latina en el marco de la cooperación internacional para el desarrollo sostenible y la ayuda humanitaria para la consolidación de la paz, la educación, la sanidad, la soberanía alimentaria y la igualdad de género.</p>
<h2><strong>Esto es lo que puede hacer su patrimonio</strong></h2>
<p>Hay varias formas de apoyar el trabajo de Mission 21 y de sus iglesias y organizaciones asociadas, por ejemplo a través de <a href="https://www.mission-21.org/es/donar/donar-para-el-evento/">una donación en caso de fallecimiento, cumpleaños o boda</a> o mediante donaciones en especie como valores y bienes inmuebles. Con un legado o herencia, usted asegura el trabajo de nuestros proyectos a largo plazo y de forma sostenible. De este modo, puede hacer el bien mucho más allá de su tiempo. Un legado, por ejemplo, hace posible lo siguiente:</p>
			 <p>Una niña por fin recibe una educación. Porque se están construyendo nuevas escuelas.</p>		
			 <p>Un agricultor de Bolivia recibe formación en agricultura sostenible y asegura así la supervivencia de su familia.</p>		
			 <p>En Malasia, los teólogos están formados en el diálogo interreligioso e interétnico y actúan como pacificadores.</p>		
	<h2>Historias conmovedoras</h2>
<p>Cuando la gente deja un legado a Mission 21, es una señal significativa de confianza. Demuestra un profundo compromiso humano que hace posible que apoyemos a personas de África, Asia y América Latina...</p>
<p>De vez en cuando, recibimos de familiares o amigos atisbos de la vida de quienes tanto han apreciado nuestro trabajo. En reconocimiento a su contribución, nos gustaría honrar su memoria y la de sus seres queridos. Naturalmente, respetamos el deseo de anonimato y sólo publicamos información previa consulta y en interés de la persona fallecida o de sus familiares.</p>
	<h4>En memoria de Lisa Meyer</h4>
<p>Lisa Meyer, nacida en Grindelwald en 1936, trabajó como enfermera para la Misión de Basilea en África durante más de 13 años. No solo trabajó en el quirófano, sino también en un pabellón de lepra, donde trató a innumerables pacientes y luchó contra el estigma de la enfermedad.</p>
<p>Tras su regreso a Suiza, siguió estrechamente vinculada a Mission 21, asistiendo a las jornadas de antiguos alumnos y apoyando nuestros proyectos con donativos. Falleció a los 88 años, pero su legado perdura: en su testamento hizo un generoso legado a Mission 21.</p>
<p>Recordamos a Lisa Meyer con gratitud por su profunda confianza y sus muchos años de lealtad, cuyo compromiso con los demás continúa incluso después de su muerte.</p>
				<img decoding="async" src="https://www.mission-21.org/wp-content/uploads/2024/12/meyer-liseli_1965-002-1.jpg" alt="meyer liseli 1965 (002)" itemprop="image" height="733" width="643" title="Meyer Liseli_1965 (002)" onerror="this.style.display='none'" loading='lazy' />
	<h4>En memoria de Ruth Kunz</h4>
<p>Ruth Kunz, nacida en 1931 en Wetzikon, apoyó a Mission 21 con gran compromiso durante casi 20 años. Su valiosa ayuda contribuyó decisivamente a nuestros proyectos y llegó a muchas personas necesitadas.</p>
<p>En agradecimiento a su generosidad, Ruth Kunz se acordó de Mission 21 en su testamento. Su legado perdura en nuestros corazones y nos permite continuar nuestra importante labor.</p>
<p>Queremos agradecerle sinceramente su confianza y sus muchos años de lealtad. El compromiso de Ruth Kunz seguirá marcando una diferencia significativa en la vida de muchas personas incluso después de su muerte.</p>
	<h2><strong>Registre su última voluntad</strong></h2>
<p>Es importante que determine a tiempo lo que debe ocurrir con su patrimonio tras su fallecimiento. Nuestras publicaciones "Pasar a mejor vida: Su legado para el futuro" y "Mis últimos deseos" le ayudarán a planificarlo.</p>
<p>El folleto <strong>"Transmitir - dejar huella: Su legado para el futuro"</strong> ofrece una visión general de la situación actual y futura del Derecho de sucesiones y muestra ejemplos de cómo puede ser un testamento. <strong>"</strong><strong>Mis últimos deseos"</strong> ofrece a los familiares una lista de comprobación sobre lo que deben tener en cuenta y hacer tras un fallecimiento. Ambas publicaciones pueden solicitarse gratuitamente a Mission 21 o descargarse en formato PDF:</p>
		<ul>
<li>
		<a href="https://www.mission-21.org/es/tienda/producto/folletos-legado-mi-memoria-del-futuro/"><img width="300" height="426" src="https://www.mission-21.org/wp-content/uploads/2022/09/titelbild_legatebroschuere_2025-300x426.png" alt="folleto &quot;mis últimos deseos&quot;" decoding="async" srcset="https://www.mission-21.org/wp-content/uploads/2022/09/titelbild_legatebroschuere_2025-300x426.png 300w, https://www.mission-21.org/wp-content/uploads/2022/09/titelbild_legatebroschuere_2025-8x12.png 8w, https://www.mission-21.org/wp-content/uploads/2022/09/titelbild_legatebroschuere_2025.png 477w" sizes="(max-width: 300px) 100vw, 300px" /></a><a href="https://www.mission-21.org/es/tienda/producto/folletos-legado-mi-memoria-del-futuro/" data-product_id="2726">Seleccione la versión</a><a href="https://www.mission-21.org/es/tienda/producto/folletos-legado-mi-memoria-del-futuro/"><h2>Folleto "Su legado para el futuro"</h2></a>	
</li>
<li>
		<a href="https://www.mission-21.org/es/tienda/producto/folletos-mi-ultimo-deseo/"><img width="300" height="423" src="https://www.mission-21.org/wp-content/uploads/2022/09/titelbild_meine-letzten-wuensche_2025-300x423.png" alt="folleto &quot;mis últimos deseos&quot;" decoding="async" srcset="https://www.mission-21.org/wp-content/uploads/2022/09/titelbild_meine-letzten-wuensche_2025-300x423.png 300w, https://www.mission-21.org/wp-content/uploads/2022/09/titelbild_meine-letzten-wuensche_2025-9x12.png 9w, https://www.mission-21.org/wp-content/uploads/2022/09/titelbild_meine-letzten-wuensche_2025.png 482w" sizes="(max-width: 300px) 100vw, 300px" /></a><a href="https://www.mission-21.org/es/tienda/producto/folletos-mi-ultimo-deseo/" data-product_id="2728">Seleccione la versión</a><a href="https://www.mission-21.org/es/tienda/producto/folletos-mi-ultimo-deseo/"><h2>Folleto "Mis últimos deseos"</h2></a>	
</li>
</ul>
		<!--
		-->
						<a href="#" id="uabb-quick-view-close"></a>
		<a href="https://www.mission-21.org/es/equipo/stefanie-schaad-2/" title="Mostrar el contenido del campo de visualización" target="_self"  aria-label="Elemento de puesto"></a>		
	<meta itemscope itemprop="mainEntityOfPage" itemtype="https://schema.org/WebPage" itemid="https://www.mission-21.org/team/stefanie-schaad/" content="Stefanie Schaad" /><meta itemprop="datePublished" content="2024-06-20" /><meta itemprop="dateModified" content="2024-06-27" /><meta itemprop="name" content="Mission 21"/><meta itemprop="url" content="https://www.mission-21.org/wp-content/uploads/2022/08/de-blau.svg"/><meta itemprop="url" content="https://www.mission-21.org/author/ms_i2r4b8vl/" /><meta itemprop="name" content="Michael Salzer" /><meta itemprop="url" content="https://www.mission-21.org/wp-content/uploads/2024/06/stefanie_schaad-1.png" /><meta itemprop="width" content="654" /><meta itemprop="height" content="787" /><meta itemprop="interactionType" content="https://schema.org/CommentAction" /><meta itemprop="userInteractionCount" content="0" />
	<img width="654" height="787" src="https://www.mission-21.org/wp-content/uploads/2024/06/stefanie_schaad-1.png" alt="stefanie schaad" itemprop="image" decoding="async" srcset="https://www.mission-21.org/wp-content/uploads/2024/06/stefanie_schaad-1.png 654w, https://www.mission-21.org/wp-content/uploads/2024/06/stefanie_schaad-1-10x12.png 10w, https://www.mission-21.org/wp-content/uploads/2024/06/stefanie_schaad-1-300x361.png 300w, https://www.mission-21.org/wp-content/uploads/2024/06/stefanie_schaad-1-600x722.png 600w" sizes="(max-width: 654px) 100vw, 654px" />
<h3>Stefanie Schaad</h3>
<p>Legados y herencias responsables</p>
<p>Teléfono +41 (0)61 260 22 28</p>
<p><a href="mailto:stefanie.schaad@mission-21.org">► Correo electrónico</a></p>

<p>Setzen Sie ein Zeichen! Möchten Sie benachteiligten Menschen in ärmeren Ländern ein Leben in Würde und mit besseren Chancen für die Zukunft ermöglichen? Und zum Ausdruck bringen, dass Ihnen die Gemeinschaft der weltweiten Kirche ein wichtiges Anliegen ist? Mission 21 engagiert sich in 15 Ländern in Afrika, Asien und Lateinamerika im Rahmen von internationaler Zusammenarbeit [&hellip;]</p>
