{"id":3188,"date":"2022-09-29T19:44:53","date_gmt":"2022-09-29T17:44:53","guid":{"rendered":"https:\/\/www.mission-21.org\/?page_id=3188"},"modified":"2025-07-09T09:10:54","modified_gmt":"2025-07-09T07:10:54","slug":"mision-sinodal-actual","status":"publish","type":"page","link":"https:\/\/www.mission-21.org\/es\/wer-wir-sind\/missionssynode-aktuell\/","title":{"rendered":"Tema del S\u00ednodo de la Misi\u00f3n"},"content":{"rendered":"<img decoding=\"async\" src=\"https:\/\/www.mission-21.org\/wp-content\/uploads\/2022\/08\/csm_header_news_d521d70e38.jpeg\" alt=\"csm header news d521d70e38\" itemprop=\"image\" height=\"688\" width=\"1680\" title=\"csm_Header_News_d521d70e38\" onerror=\"this.style.display='none'\" loading='lazy' \/>\n\t<div class=\"fl-builder-content fl-builder-content-3660 fl-builder-template fl-builder-module-template fl-builder-global-templates-locked\" data-post-id=\"3660\"><div class=\"fl-module fl-module-pp-toc fl-node-xrvkwe8ihtn6 toc\" data-node=\"xrvkwe8ihtn6\">\n\t<div class=\"fl-module-content fl-node-content\">\n\t\t<div class=\"pp-toc-container\">\n\t\n\t<div class=\"pp-toc-body\">\n\t\t\t\t\t<ul class=\"pp-toc-list-wrapper pp-toc-list-icon\"><\/ul>\n\t\t\t\t<\/div>\n<\/div>\n\n\t<\/div>\n<\/div>\n<\/div><div class=\"uabb-js-breakpoint\" style=\"display: none;\"><\/div>\n\t\t\t<h2>Misi\u00f3n S\u00ednodo 2025<\/h2>\t\t\t\n\t\t\t\t<p>Los cerca de 40 delegados de cuatro continentes tambi\u00e9n se reunieron en l\u00ednea en 2025. El s\u00ednodo tuvo lugar el jueves y el viernes, 3 y 4 de julio.<\/p>\n<p>El jueves, el S\u00ednodo abord\u00f3 el tema de la descolonizaci\u00f3n, que condiciona cada vez m\u00e1s el trabajo de Mission 21. Una ponencia de la profesora Karla Koll, de Costa Rica, arroj\u00f3 luz sobre el tema desde una perspectiva latinoamericana. Los delegados e invitados debatieron en peque\u00f1os grupos lo que hab\u00edan escuchado; los resultados de los debates se presentaron despu\u00e9s en sesi\u00f3n plenaria.\u00a0<\/p>\n<p>El viernes 4 de julio, el orden del d\u00eda incluye asuntos estatutarios, as\u00ed como elecciones y adopciones.<\/p>\n<p>Para el S\u00ednodo de las Misiones de 2026, los delegados aprobaron de nuevo el formato en l\u00ednea y las fechas del 25 y 26 de junio de 2026.<\/p>\n<p><a href=\"https:\/\/www.mission-21.org\/es\/sinodo-internacional-la-descolonizacion-como-principio-rector\/\" target=\"_blank\" rel=\"noopener\">Aqu\u00ed<\/a> para las \u00faltimas noticias sobre el S\u00ednodo.<\/p>\n\t\t\t<h2>S\u00ednodo de la Misi\u00f3n 2024<\/h2>\t\t\t\n\t\t\t\t<p>Alrededor de 40 delegados de cuatro continentes volvieron a reunirse este a\u00f1o en l\u00ednea. Bajo el lema \"Compartir el poder en un mundo descolonizado\", el s\u00ednodo se celebr\u00f3 el jueves 27 y el viernes 28 de junio. Adem\u00e1s de los asuntos estatutarios y las decisiones estrat\u00e9gicas, tambi\u00e9n se debatieron las situaciones y preocupaciones espec\u00edficas de la poblaci\u00f3n de los pa\u00edses socios.<\/p>\n<p>El S\u00ednodo de 2024 tambi\u00e9n se caracteriz\u00f3 por las despedidas y los cambios: Johannes Blum, miembro de la Junta Directiva desde 2011 y Presidente de la Junta Directiva de Misi\u00f3n 21 desde 2015, dej\u00f3 el cargo y se agradece calurosamente su labor. El S\u00ednodo eligi\u00f3 nuevos miembros de la Junta y decidi\u00f3 revisar los estatutos. Esto significa que la presidencia podr\u00e1 ocuparse en unas pr\u00f3ximas elecciones a finales de julio de 2024. <strong>Evelyn Borer<\/strong>En el momento de su elecci\u00f3n, era Presidenta del S\u00ednodo de la Iglesia Protestante Suiza (EKS), la m\u00e1s alta Iglesia Reformada de Suiza.<\/p>\n<p><a href=\"https:\/\/www.mission-21.org\/es\/la-suiza-reformada-mas-destacada-elegida-presidenta-del-consejo-de-administracion-de-mission-21\/\" target=\"_blank\" rel=\"noopener\">\u25ba La noticia sobre la elecci\u00f3n de Evelyn Borer el 29 de julio de 2024<\/a><\/p>\n<p>El s\u00e1bado 29 de junio, el acto conjunto de <a href=\"https:\/\/www.mission-21.org\/es\/evento\/cumbre-de-la-juventud-2024-encuentro-intergeneracional-de-voces-jovenes\/\" target=\"_blank\" rel=\"noopener\"><strong>Cumbre de la Juventud<\/strong> y <strong>Reuni\u00f3n de antiguos alumnos<\/strong> <\/a>tuvo lugar. Los j\u00f3venes embajadores internacionales -en viaje de intercambio a Suiza del 21 de junio al 7 de julio- se reunieron con antiguos empleados de Misi\u00f3n 21.<\/p>\n<p>El \u00faltimo acto fue el servicio misionero, esta vez en la catedral de Basilea, el domingo 30 de junio de 2023, a las 10.00 horas. El pastor Lukas Kundert organiz\u00f3 este servicio, apoyado por las contribuciones de los j\u00f3venes embajadores internacionales. El Presidente de la Junta, Johannes Blum, fue despedido con una ceremonia.<\/p>\n<p><a href=\"https:\/\/www.mission-21.org\/es\/quienes-somos\/sinodo-de-la-mision\/\">\u25ba M\u00e1s sobre el S\u00ednodo de la Misi\u00f3n<\/a><\/p>\n<p><a href=\"https:\/\/www.mission-21.org\/es\/muchas-gracias-por-su-compromiso-con-mission-21\/\">\u25ba El informe final sobre el S\u00ednodo y el homenaje al Presidente saliente<\/a>\u00a0<\/p>\n\t\t\t<h2>S\u00ednodo de la Misi\u00f3n 2023<\/h2>\t\t\t\n\t\t\t\t<p>Este a\u00f1o, unos 40 delegados de cuatro continentes se reunieron por primera vez en l\u00ednea. Del jueves 29 de junio al 1 de julio de 2023, fijaron el rumbo de Mission 21 para el segundo semestre del a\u00f1o en curso y los a\u00f1os siguientes. El comit\u00e9 establece el marco de trabajo de la organizaci\u00f3n, pero tambi\u00e9n debate las situaciones y preocupaciones espec\u00edficas de la poblaci\u00f3n de los pa\u00edses socios.<\/p>\n<p>Mission 21 tambi\u00e9n ha cursado una calurosa invitaci\u00f3n al \u00faltimo servicio p\u00fablico de la misi\u00f3n, el 2 de julio de 2023. <\/p>\n\t\t\t<h2>S\u00ednodo de la Misi\u00f3n 2022<\/h2>\t\t\t\n\t\t\t\t<p>Hemos podido celebrar el S\u00ednodo 2022 como invitados de la Iglesia cantonal de los Grisones. Disfrutamos de una semana inspiradora con encuentros enriquecedores e intercambios diversos. En este enlace encontrar\u00e1 contribuciones detalladas e impresiones fotogr\u00e1ficas:<\/p>\n<p><a href=\"https:\/\/www.mission-21.org\/es\/quienes-somos\/sinodo-de-la-mision-2022\/\">\u25ba Sobre el S\u00ednodo de la Misi\u00f3n de 2022<\/a><\/p>\n\t\t\t<h2>S\u00ednodo de la Misi\u00f3n 2021<\/h2>\t\t\t\n<p>Alrededor de 40 delegados e invitados de cuatro continentes se reunieron en l\u00ednea desde el jueves 10 de junio hasta el s\u00e1bado 12 de junio y fijaron el rumbo de Mission 21 en 2022. Los temas candentes giraron en torno a los efectos del pasado a\u00f1o pand\u00e9mico en la poblaci\u00f3n de los 20 pa\u00edses asociados a Mission 21. Las distintas declaraciones de las respectivas asambleas continentales explicaron de forma impresionante c\u00f3mo se han agravado los problemas existentes y qu\u00e9 nuevos retos deben afrontar Mission 21 y sus iglesias y organizaciones asociadas. Ya sea en \u00c1frica, Asia o Am\u00e9rica Latina, la pandemia ha provocado m\u00e1s pobreza y tambi\u00e9n m\u00e1s violencia contra las mujeres y los ni\u00f1os.<\/p>\n<p>La pandemia impidi\u00f3 una vez m\u00e1s una reuni\u00f3n en Suiza. Mientras que el a\u00f1o pasado el orden del d\u00eda se trat\u00f3 mediante comunicaci\u00f3n por correo electr\u00f3nico, este a\u00f1o los delegados se reunieron por primera vez a trav\u00e9s de un videochat para el S\u00ednodo de la Misi\u00f3n 2021. La semana del S\u00ednodo se cerr\u00f3 de forma festiva con un servicio el domingo 13 de junio, que tambi\u00e9n se transmiti\u00f3 por Internet.<\/p>\n<p><a href=\"https:\/\/www.mission-21.org\/es\/exito-estreno-mision-21-sinod-2021-digital-mediante\/\" target=\"_top\">\u25ba Informe sobre el S\u00ednodo de la Misi\u00f3n 2021<\/a><\/p>\n\t\t\t<h2>Misi\u00f3n S\u00ednodo 2020<\/h2>\t\t\t\n\t\t\t\tEl S\u00ednodo estaba previsto para los d\u00edas 12 y 13 de junio y el Festival de las Misiones para el 14 de junio de 2020. Todos los eventos fueron cancelados o pospuestos a nivel digital debido a la pandemia de Corona. Los delegados de \u00c1frica, Asia, Europa y Am\u00e9rica Latina tomaron por primera vez las decisiones necesarias de forma digital. Se aprobaron las cuentas anuales y el informe anual, as\u00ed como la estrategia y el presupuesto marco -con los ahorros previstos para 2021-. El S\u00ednodo eligi\u00f3 a un nuevo miembro de la Junta. Gerhard B\u00fctschi-Hassler, del cant\u00f3n de Argovia, fue elegido para sustituir a Kurt K\u00e4gi (AI), que dimiti\u00f3. El S\u00ednodo 2021 tambi\u00e9n estaba previsto para mediados de junio. La celebraci\u00f3n de la reuni\u00f3n debe estar en consonancia con las restricciones debidas a la pandemia de Corona.\n\t\t\t<h2>S\u00ednodo de la Misi\u00f3n 2019<\/h2>\t\t\t\n\t\t\t\t<a href=\"https:\/\/www.mission-21.org\/es\/quienes-somos\/sinodal-de-la-mision-2019\/\">\u25ba Impresiones de la Semana del S\u00ednodo de la Misi\u00f3n 2019<\/a>","protected":false},"excerpt":{"rendered":"<p>Missionssynode 2025 Die rund 40 Delegierten aus vier Kontinenten trafen sich auch 2025 online. Die Synode fand Donnerstag-Freitag, 3.-4. Juli, statt. Am Donnerstag setzte sich die Synode mit dem Thema Dekolonisierung auseinander, das die T\u00e4tigkeit von Mission 21 immer st\u00e4rker pr\u00e4gt. Ein Input-Referat von Professorin Karla Koll aus Costa Rica beleuchtete das Thema aus lateinamerikanischer [&hellip;]<\/p>\n","protected":false},"author":1,"featured_media":3190,"parent":218,"menu_order":0,"comment_status":"closed","ping_status":"closed","template":"","meta":{"_acf_changed":false,"_seopress_robots_primary_cat":"","_seopress_titles_title":"","_seopress_titles_desc":"","_seopress_robots_index":"","_searchwp_excluded":"","site-sidebar-layout":"default","site-content-layout":"","ast-site-content-layout":"default","site-content-style":"default","site-sidebar-style":"default","ast-global-header-display":"","ast-banner-title-visibility":"","ast-main-header-display":"","ast-hfb-above-header-display":"","ast-hfb-below-header-display":"","ast-hfb-mobile-header-display":"","site-post-title":"","ast-breadcrumbs-content":"","ast-featured-img":"","footer-sml-layout":"","ast-disable-related-posts":"","theme-transparent-header-meta":"","adv-header-id-meta":"","stick-header-meta":"","header-above-stick-meta":"","header-main-stick-meta":"","header-below-stick-meta":"","astra-migrate-meta-layouts":"default","ast-page-background-enabled":"default","ast-page-background-meta":{"desktop":{"background-color":"var(--ast-global-color-4)","background-image":"","background-repeat":"repeat","background-position":"center center","background-size":"auto","background-attachment":"scroll","background-type":"","background-media":"","overlay-type":"","overlay-color":"","overlay-opacity":"","overlay-gradient":""},"tablet":{"background-color":"","background-image":"","background-repeat":"repeat","background-position":"center center","background-size":"auto","background-attachment":"scroll","background-type":"","background-media":"","overlay-type":"","overlay-color":"","overlay-opacity":"","overlay-gradient":""},"mobile":{"background-color":"","background-image":"","background-repeat":"repeat","background-position":"center center","background-size":"auto","background-attachment":"scroll","background-type":"","background-media":"","overlay-type":"","overlay-color":"","overlay-opacity":"","overlay-gradient":""}},"ast-content-background-meta":{"desktop":{"background-color":"var(--ast-global-color-5)","background-image":"","background-repeat":"repeat","background-position":"center center","background-size":"auto","background-attachment":"scroll","background-type":"","background-media":"","overlay-type":"","overlay-color":"","overlay-opacity":"","overlay-gradient":""},"tablet":{"background-color":"var(--ast-global-color-5)","background-image":"","background-repeat":"repeat","background-position":"center center","background-size":"auto","background-attachment":"scroll","background-type":"","background-media":"","overlay-type":"","overlay-color":"","overlay-opacity":"","overlay-gradient":""},"mobile":{"background-color":"var(--ast-global-color-5)","background-image":"","background-repeat":"repeat","background-position":"center center","background-size":"auto","background-attachment":"scroll","background-type":"","background-media":"","overlay-type":"","overlay-color":"","overlay-opacity":"","overlay-gradient":""}},"iawp_total_views":264,"footnotes":""},"hf_cat_page":[302],"class_list":["post-3188","page","type-page","status-publish","has-post-thumbnail"],"acf":[],"_links":{"self":[{"href":"https:\/\/www.mission-21.org\/es\/wp-json\/wp\/v2\/pages\/3188","targetHints":{"allow":["GET"]}}],"collection":[{"href":"https:\/\/www.mission-21.org\/es\/wp-json\/wp\/v2\/pages"}],"about":[{"href":"https:\/\/www.mission-21.org\/es\/wp-json\/wp\/v2\/types\/page"}],"author":[{"embeddable":true,"href":"https:\/\/www.mission-21.org\/es\/wp-json\/wp\/v2\/users\/1"}],"replies":[{"embeddable":true,"href":"https:\/\/www.mission-21.org\/es\/wp-json\/wp\/v2\/comments?post=3188"}],"version-history":[{"count":11,"href":"https:\/\/www.mission-21.org\/es\/wp-json\/wp\/v2\/pages\/3188\/revisions"}],"predecessor-version":[{"id":17751,"href":"https:\/\/www.mission-21.org\/es\/wp-json\/wp\/v2\/pages\/3188\/revisions\/17751"}],"up":[{"embeddable":true,"href":"https:\/\/www.mission-21.org\/es\/wp-json\/wp\/v2\/pages\/218"}],"wp:featuredmedia":[{"embeddable":true,"href":"https:\/\/www.mission-21.org\/es\/wp-json\/wp\/v2\/media\/3190"}],"wp:attachment":[{"href":"https:\/\/www.mission-21.org\/es\/wp-json\/wp\/v2\/media?parent=3188"}],"wp:term":[{"taxonomy":"hf_cat_page","embeddable":true,"href":"https:\/\/www.mission-21.org\/es\/wp-json\/wp\/v2\/hf_cat_page?post=3188"}],"curies":[{"name":"wp","href":"https:\/\/api.w.org\/{rel}","templated":true}]}}

Tema del Sínodo de la Misión

<img decoding="async" src="https://www.mission-21.org/wp-content/uploads/2022/08/csm_header_news_d521d70e38.jpeg" alt="csm header news d521d70e38" itemprop="image" height="688" width="1680" title="csm_Header_News_d521d70e38" onerror="this.style.display='none'" loading='lazy' />
	<div class="fl-builder-content fl-builder-content-3660 fl-builder-template fl-builder-module-template fl-builder-global-templates-locked" data-post-id="3660"><div class="fl-module fl-module-pp-toc fl-node-xrvkwe8ihtn6 toc" data-node="xrvkwe8ihtn6">
	<div class="fl-module-content fl-node-content">
		<div class="pp-toc-container">
	
	<div class="pp-toc-body">
					<ul class="pp-toc-list-wrapper pp-toc-list-icon"></ul>
				</div>
</div>

	</div>
</div>
</div><div class="uabb-js-breakpoint" style="display: none;"></div>
			<h2>Misión Sínodo 2025</h2>			
				<p>Los cerca de 40 delegados de cuatro continentes también se reunieron en línea en 2025. El sínodo tuvo lugar el jueves y el viernes, 3 y 4 de julio.</p>
<p>El jueves, el Sínodo abordó el tema de la descolonización, que condiciona cada vez más el trabajo de Mission 21. Una ponencia de la profesora Karla Koll, de Costa Rica, arrojó luz sobre el tema desde una perspectiva latinoamericana. Los delegados e invitados debatieron en pequeños grupos lo que habían escuchado; los resultados de los debates se presentaron después en sesión plenaria. </p>
<p>El viernes 4 de julio, el orden del día incluye asuntos estatutarios, así como elecciones y adopciones.</p>
<p>Para el Sínodo de las Misiones de 2026, los delegados aprobaron de nuevo el formato en línea y las fechas del 25 y 26 de junio de 2026.</p>
<p><a href="https://www.mission-21.org/es/sinodo-internacional-la-descolonizacion-como-principio-rector/" target="_blank" rel="noopener">Aquí</a> para las últimas noticias sobre el Sínodo.</p>
			<h2>Sínodo de la Misión 2024</h2>			
				<p>Alrededor de 40 delegados de cuatro continentes volvieron a reunirse este año en línea. Bajo el lema "Compartir el poder en un mundo descolonizado", el sínodo se celebró el jueves 27 y el viernes 28 de junio. Además de los asuntos estatutarios y las decisiones estratégicas, también se debatieron las situaciones y preocupaciones específicas de la población de los países socios.</p>
<p>El Sínodo de 2024 también se caracterizó por las despedidas y los cambios: Johannes Blum, miembro de la Junta Directiva desde 2011 y Presidente de la Junta Directiva de Misión 21 desde 2015, dejó el cargo y se agradece calurosamente su labor. El Sínodo eligió nuevos miembros de la Junta y decidió revisar los estatutos. Esto significa que la presidencia podrá ocuparse en unas próximas elecciones a finales de julio de 2024. <strong>Evelyn Borer</strong>En el momento de su elección, era Presidenta del Sínodo de la Iglesia Protestante Suiza (EKS), la más alta Iglesia Reformada de Suiza.</p>
<p><a href="https://www.mission-21.org/es/la-suiza-reformada-mas-destacada-elegida-presidenta-del-consejo-de-administracion-de-mission-21/" target="_blank" rel="noopener">► La noticia sobre la elección de Evelyn Borer el 29 de julio de 2024</a></p>
<p>El sábado 29 de junio, el acto conjunto de <a href="https://www.mission-21.org/es/evento/cumbre-de-la-juventud-2024-encuentro-intergeneracional-de-voces-jovenes/" target="_blank" rel="noopener"><strong>Cumbre de la Juventud</strong> y <strong>Reunión de antiguos alumnos</strong> </a>tuvo lugar. Los jóvenes embajadores internacionales -en viaje de intercambio a Suiza del 21 de junio al 7 de julio- se reunieron con antiguos empleados de Misión 21.</p>
<p>El último acto fue el servicio misionero, esta vez en la catedral de Basilea, el domingo 30 de junio de 2023, a las 10.00 horas. El pastor Lukas Kundert organizó este servicio, apoyado por las contribuciones de los jóvenes embajadores internacionales. El Presidente de la Junta, Johannes Blum, fue despedido con una ceremonia.</p>
<p><a href="https://www.mission-21.org/es/quienes-somos/sinodo-de-la-mision/">► Más sobre el Sínodo de la Misión</a></p>
<p><a href="https://www.mission-21.org/es/muchas-gracias-por-su-compromiso-con-mission-21/">► El informe final sobre el Sínodo y el homenaje al Presidente saliente</a> </p>
			<h2>Sínodo de la Misión 2023</h2>			
				<p>Este año, unos 40 delegados de cuatro continentes se reunieron por primera vez en línea. Del jueves 29 de junio al 1 de julio de 2023, fijaron el rumbo de Mission 21 para el segundo semestre del año en curso y los años siguientes. El comité establece el marco de trabajo de la organización, pero también debate las situaciones y preocupaciones específicas de la población de los países socios.</p>
<p>Mission 21 también ha cursado una calurosa invitación al último servicio público de la misión, el 2 de julio de 2023. </p>
			<h2>Sínodo de la Misión 2022</h2>			
				<p>Hemos podido celebrar el Sínodo 2022 como invitados de la Iglesia cantonal de los Grisones. Disfrutamos de una semana inspiradora con encuentros enriquecedores e intercambios diversos. En este enlace encontrará contribuciones detalladas e impresiones fotográficas:</p>
<p><a href="https://www.mission-21.org/es/quienes-somos/sinodo-de-la-mision-2022/">► Sobre el Sínodo de la Misión de 2022</a></p>
			<h2>Sínodo de la Misión 2021</h2>			
<p>Alrededor de 40 delegados e invitados de cuatro continentes se reunieron en línea desde el jueves 10 de junio hasta el sábado 12 de junio y fijaron el rumbo de Mission 21 en 2022. Los temas candentes giraron en torno a los efectos del pasado año pandémico en la población de los 20 países asociados a Mission 21. Las distintas declaraciones de las respectivas asambleas continentales explicaron de forma impresionante cómo se han agravado los problemas existentes y qué nuevos retos deben afrontar Mission 21 y sus iglesias y organizaciones asociadas. Ya sea en África, Asia o América Latina, la pandemia ha provocado más pobreza y también más violencia contra las mujeres y los niños.</p>
<p>La pandemia impidió una vez más una reunión en Suiza. Mientras que el año pasado el orden del día se trató mediante comunicación por correo electrónico, este año los delegados se reunieron por primera vez a través de un videochat para el Sínodo de la Misión 2021. La semana del Sínodo se cerró de forma festiva con un servicio el domingo 13 de junio, que también se transmitió por Internet.</p>
<p><a href="https://www.mission-21.org/es/exito-estreno-mision-21-sinod-2021-digital-mediante/" target="_top">► Informe sobre el Sínodo de la Misión 2021</a></p>
			<h2>Misión Sínodo 2020</h2>			
				El Sínodo estaba previsto para los días 12 y 13 de junio y el Festival de las Misiones para el 14 de junio de 2020. Todos los eventos fueron cancelados o pospuestos a nivel digital debido a la pandemia de Corona. Los delegados de África, Asia, Europa y América Latina tomaron por primera vez las decisiones necesarias de forma digital. Se aprobaron las cuentas anuales y el informe anual, así como la estrategia y el presupuesto marco -con los ahorros previstos para 2021-. El Sínodo eligió a un nuevo miembro de la Junta. Gerhard Bütschi-Hassler, del cantón de Argovia, fue elegido para sustituir a Kurt Kägi (AI), que dimitió. El Sínodo 2021 también estaba previsto para mediados de junio. La celebración de la reunión debe estar en consonancia con las restricciones debidas a la pandemia de Corona.
			<h2>Sínodo de la Misión 2019</h2>			
				<a href="https://www.mission-21.org/es/quienes-somos/sinodal-de-la-mision-2019/">► Impresiones de la Semana del Sínodo de la Misión 2019</a>

<p>Missionssynode 2025 Die rund 40 Delegierten aus vier Kontinenten trafen sich auch 2025 online. Die Synode fand Donnerstag-Freitag, 3.-4. Juli, statt. Am Donnerstag setzte sich die Synode mit dem Thema Dekolonisierung auseinander, das die Tätigkeit von Mission 21 immer stärker prägt. Ein Input-Referat von Professorin Karla Koll aus Costa Rica beleuchtete das Thema aus lateinamerikanischer [&hellip;]</p>
