{"id":1028,"date":"2022-09-07T21:03:24","date_gmt":"2022-09-07T19:03:24","guid":{"rendered":"https:\/\/www.mission-21.org\/projekte\/im-kooperationsprogramm-sind-alle-projekte-von-mission-21-in-lateinamerika-gebuendelt-und-auf-ein-gemeinsames-ziel-hin-ausgerichtet-damit-wird-die-wirkung-der-einzelnen-projekte-verstaerkt-mit-spend\/"},"modified":"2026-02-05T17:41:55","modified_gmt":"2026-02-05T16:41:55","slug":"programa-de-cooperacion-america-latina","status":"publish","type":"projekte","link":"https:\/\/www.mission-21.org\/es\/projekte\/kooperationsprogramm-lateinamerika\/","title":{"rendered":"Programa de Cooperaci\u00f3n con Am\u00e9rica Latina"},"content":{"rendered":"<h2 class=\"wp-block-heading\" id=\"hintergrundinformationen\">Informaci\u00f3n de fondo<\/h2>\n\n\n\n<p>En el coraz\u00f3n de los Andes, Misi\u00f3n 21 se compromete a ayudar a las personas marginadas de Bolivia y Per\u00fa. En lugares donde la asistencia social estatal tiene escaso impacto, nuestras organizaciones socias llevan a cabo proyectos que fortalecen de forma sostenible a grupos sociales especialmente vulnerables, como familias ind\u00edgenas minifundistas, mujeres y ni\u00f1as, y les permiten llevar una vida lo m\u00e1s aut\u00f3noma posible y digna. Las organizaciones socias de Misi\u00f3n 21 tambi\u00e9n trabajan en los centros urbanos de Bolivia, Costa Rica y Per\u00fa, donde apuestan por una convivencia social inclusiva que promueva la igualdad de g\u00e9nero y est\u00e9 libre de violencia sexual y discriminaci\u00f3n.<\/p>\n\n\n\n<p><\/p>\n\n\n\n<h2 class=\"wp-block-heading\" id=\"projektziele20222025\">Objetivos del programa 2025 - 2028<\/h2>\n\n\n\n<p><strong>Soberan\u00eda alimentaria en los Andes<\/strong><\/p>\n\n\n\n<p>En los Andes peruanos y bolivianos, nuestra organizaci\u00f3n asociada trabaja con m\u00e1s de 6.300 familias de peque\u00f1os agricultores de habla quechua y aymara para garantizar su derecho a la alimentaci\u00f3n.<\/p>\n\n\n\n<p>El proyecto promueve m\u00e9todos de agricultura agroecol\u00f3gica que permiten a los agricultores cultivar sus tierras y campos en armon\u00eda con la naturaleza. Tambi\u00e9n crean nuevos sistemas alimentarios gracias a semillas locales, fertilizantes org\u00e1nicos e invernaderos construidos por ellos mismos, que proporcionan un suministro sostenible de alimentos nutritivos y crean nuevas oportunidades de ingresos. Todo ello refuerza la resiliencia y la autonom\u00eda de las familias de uno de los grupos de poblaci\u00f3n m\u00e1s vulnerables.<\/p>\n\n\n\n<p><strong>El lago Titicaca, necesitado: estrategias para la justicia clim\u00e1tica<\/strong><\/p>\n\n\n\n<p>El lago Titicaca atraviesa una grave crisis que pone en peligro el abastecimiento de agua de casi tres millones de personas en Bolivia y Per\u00fa. Adem\u00e1s de la escasez de agua, las aguas residuales y los residuos procedentes de hogares, hospitales y, en algunos casos, de la miner\u00eda ilegal est\u00e1n contaminando el lago Titicaca y sus afluentes. Las organizaciones de mujeres ind\u00edgenas y los j\u00f3venes se est\u00e1n organizando y haciendo campa\u00f1a para salvar su sagrado lago Titicaca y sus afluentes. Adem\u00e1s de jornadas y foros binacionales de acci\u00f3n medioambiental, se est\u00e1n promoviendo actividades creativas para sensibilizar a toda la sociedad y conseguir medidas concretas por parte de las autoridades.<\/p>\n\n\n\n<p><strong>Extracci\u00f3n de agua en los Andes: Adaptaci\u00f3n al cambio clim\u00e1tico<\/strong><\/p>\n\n\n\n<p>Los donativos recaudados benefician a socios que trabajan con la agricultura ecol\u00f3gica. Los donativos se destinan de forma continuada a proyectos de gesti\u00f3n del agua y reforestaci\u00f3n.<\/p>\n\n\n\n<p><strong>Superar la violencia de g\u00e9nero: promover la autodeterminaci\u00f3n y la justicia<\/strong><\/p>\n\n\n\n<p>La violencia y la impunidad son un problema generalizado en todos los pa\u00edses latinoamericanos. Nuestros socios de proyecto est\u00e1n especialmente comprometidos en la lucha contra la violencia dom\u00e9stica, sexual y de g\u00e9nero contra las mujeres, los ni\u00f1os y los miembros de la comunidad LGBTIQ. Las organizaciones del proyecto trabajan activamente en la prevenci\u00f3n y en la prestaci\u00f3n de apoyo jur\u00eddico y psicosocial a las v\u00edctimas de la violencia sexual y dom\u00e9stica. Las v\u00edctimas de violencia sexual experimentan que sus agresores rara vez son procesados y castigados. Nuestros socios de Bolivia y Per\u00fa trabajan con estrategias a varios niveles para cambiar esta situaci\u00f3n. Tambi\u00e9n logran su impacto a trav\u00e9s de un estrecho di\u00e1logo con las autoridades.<\/p>\n\n\n\n<p><strong>Mujeres y j\u00f3venes ind\u00edgenas: reforzar la participaci\u00f3n pol\u00edtica y la protecci\u00f3n del medio ambiente<\/strong><\/p>\n\n\n\n<p>La labor educativa de nuestros socios mejora las oportunidades de participaci\u00f3n pol\u00edtica y social de las mujeres y los j\u00f3venes de las zonas rurales de Per\u00fa. Gracias al trabajo del proyecto, las mujeres ind\u00edgenas saben c\u00f3mo hacer campa\u00f1as m\u00e1s eficaces a nivel pol\u00edtico para la protecci\u00f3n del lago Titicaca y c\u00f3mo exigir la implicaci\u00f3n del Estado a trav\u00e9s de cauces jur\u00eddicamente vinculantes. Los j\u00f3venes tambi\u00e9n hacen campa\u00f1a por una mayor protecci\u00f3n del medio ambiente y reclaman el compromiso de toda la sociedad para proteger las aguas de la contaminaci\u00f3n y proteger el medio ambiente en su conjunto.<\/p>\n\n\n\n<p><strong>Educaci\u00f3n teol\u00f3gica para la democracia y la inclusi\u00f3n social<\/strong> <strong>Empresas<\/strong><\/p>\n\n\n\n<p>En Am\u00e9rica Latina se mantiene la tendencia hacia un fundamentalismo cristiano de tinte pol\u00edtico y religioso y hacia gobiernos autoritarios. Nuestras organizaciones asociadas trabajan para contrarrestar estas tendencias. Abogan por un enfoque cr\u00edtico de la teolog\u00eda y la religi\u00f3n y utilizan sus programas educativos para promover la inclusi\u00f3n social de los disidentes y las minor\u00edas sociales, as\u00ed como el cuidado y el respeto del medio ambiente. En vista de la creciente influencia pol\u00edtica de las iglesias conservadoras, varias organizaciones copartes est\u00e1n adoptando de nuevo un enfoque m\u00e1s activo en los c\u00edrculos eclesi\u00e1sticos m\u00e1s conservadores de Am\u00e9rica Latina y ofrecen una lectura socialmente cr\u00edtica de la Biblia que promueve una sociedad de tolerancia, derechos humanos y di\u00e1logo.<\/p>\n\n\n\n<p><strong>Una sociedad civil fuerte para el desarrollo sostenible<\/strong><\/p>\n\n\n\n<p>Las organizaciones asociadas se fortalecen mediante formaci\u00f3n espec\u00edfica para que se conviertan en actores que trabajen de forma transparente, eficiente y responsable. De este modo, Mission 21 fomenta su influencia como l\u00edderes de opini\u00f3n en la sociedad civil y crea instituciones y l\u00edderes fuertes que pueden propiciar un cambio sostenible. La atenci\u00f3n se centra en talleres sobre el tema del \u226aartivismo\u226b: este enfoque utiliza la combinaci\u00f3n de arte y acci\u00f3n social en espacios p\u00fablicos como medio para llamar la atenci\u00f3n sobre la crisis medioambiental o el menoscabo de los derechos pol\u00edticos de forma creativa y pac\u00edfica. En las reuniones peri\u00f3dicas se intercambian conocimientos sobre estrategias para hacer frente a la violencia de g\u00e9nero contra las mujeres ind\u00edgenas y el asesoramiento jur\u00eddico, as\u00ed como sobre enfoques para que los hombres y los ni\u00f1os desarrollen im\u00e1genes positivas de la masculinidad.<\/p>\n\n\n\n<h2 class=\"wp-block-heading\" id=\"projekteInBolivienCostaRicaUndPeru\">Proyectos del Programa de Cooperaci\u00f3n <\/h2>\n\n\n\n<p>Nuestros proyectos en Am\u00e9rica Latina est\u00e1n agrupados por temas. Seguimos apoyando a nuestras organizaciones asociadas en sus proyectos y estaremos encantados de facilitar informaci\u00f3n sobre las actividades individuales y el uso detallado de los fondos previa solicitud.<\/p>\n\n\n\n<p><a href=\"https:\/\/www.mission-21.org\/es\/proyectos\/educacion-para-el-cambio-social-en-america-latina\/\">400.1020 Formaci\u00f3n teol\u00f3gica para sociedades democr\u00e1ticas y socialmente inclusivas en Per\u00fa y Costa Rica<\/a><\/p>\n\n\n\n<p><a href=\"https:\/\/www.mission-21.org\/es\/proyectos\/superacion-violencia-permitir-autodeterminacion-2\/\">400.1021 Superar la violencia de g\u00e9nero - promover la autodeterminaci\u00f3n y la justicia en los Andes<\/a><\/p>\n\n\n\n<p><a href=\"https:\/\/www.mission-21.org\/es\/proyectos\/captacion-de-agua-en-los-andes-adaptacion-al-cambio-climatico\/\">400.1022 Extracci\u00f3n de agua en los Andes: Adaptaci\u00f3n al cambio clim\u00e1tico<\/a><\/p>\n\n\n\n<p>400.1400 Una sociedad civil fuerte para el desarrollo sostenible en Am\u00e9rica Latina<\/p>\n\n\n\n<p><a href=\"https:\/\/www.mission-21.org\/es\/proyectos\/la-soberania-alimentaria-en-el-espacio-andino\/\">420.1020 Soberan\u00eda alimentaria en los Andes<\/a><\/p>\n\n\n\n<p>420.1021 El lago Titicaca, necesitado: estrategias para la justicia clim\u00e1tica<\/p>\n\n\n\n<p><\/p>","protected":false},"featured_media":763,"template":"","meta":{"_acf_changed":false,"_seopress_robots_primary_cat":"","_seopress_titles_title":"","_seopress_titles_desc":"","_seopress_robots_index":"","_searchwp_excluded":"","site-sidebar-layout":"default","site-content-layout":"","ast-site-content-layout":"default","site-content-style":"default","site-sidebar-style":"default","ast-global-header-display":"","ast-banner-title-visibility":"","ast-main-header-display":"","ast-hfb-above-header-display":"","ast-hfb-below-header-display":"","ast-hfb-mobile-header-display":"","site-post-title":"","ast-breadcrumbs-content":"","ast-featured-img":"","footer-sml-layout":"","ast-disable-related-posts":"","theme-transparent-header-meta":"","adv-header-id-meta":"","stick-header-meta":"","header-above-stick-meta":"","header-main-stick-meta":"","header-below-stick-meta":"","astra-migrate-meta-layouts":"set","ast-page-background-enabled":"default","ast-page-background-meta":{"desktop":{"background-color":"var(--ast-global-color-4)","background-image":"","background-repeat":"repeat","background-position":"center center","background-size":"auto","background-attachment":"scroll","background-type":"","background-media":"","overlay-type":"","overlay-color":"","overlay-opacity":"","overlay-gradient":""},"tablet":{"background-color":"","background-image":"","background-repeat":"repeat","background-position":"center center","background-size":"auto","background-attachment":"scroll","background-type":"","background-media":"","overlay-type":"","overlay-color":"","overlay-opacity":"","overlay-gradient":""},"mobile":{"background-color":"","background-image":"","background-repeat":"repeat","background-position":"center center","background-size":"auto","background-attachment":"scroll","background-type":"","background-media":"","overlay-type":"","overlay-color":"","overlay-opacity":"","overlay-gradient":""}},"ast-content-background-meta":{"desktop":{"background-color":"var(--ast-global-color-5)","background-image":"","background-repeat":"repeat","background-position":"center center","background-size":"auto","background-attachment":"scroll","background-type":"","background-media":"","overlay-type":"","overlay-color":"","overlay-opacity":"","overlay-gradient":""},"tablet":{"background-color":"var(--ast-global-color-5)","background-image":"","background-repeat":"repeat","background-position":"center center","background-size":"auto","background-attachment":"scroll","background-type":"","background-media":"","overlay-type":"","overlay-color":"","overlay-opacity":"","overlay-gradient":""},"mobile":{"background-color":"var(--ast-global-color-5)","background-image":"","background-repeat":"repeat","background-position":"center center","background-size":"auto","background-attachment":"scroll","background-type":"","background-media":"","overlay-type":"","overlay-color":"","overlay-opacity":"","overlay-gradient":""}},"footnotes":""},"land":[48,46,19,65,28],"wirkungsbereich":[27],"class_list":{"0":"post-1028","1":"projekte","2":"type-projekte","3":"status-publish","4":"has-post-thumbnail","6":"land-bolivien","7":"land-costa-rica","8":"land-kontinental","9":"land-lateinamerika","10":"land-peru","11":"wirkungsbereich-kooperationsprogramm"},"acf":[],"_links":{"self":[{"href":"https:\/\/www.mission-21.org\/es\/wp-json\/wp\/v2\/projekte\/1028","targetHints":{"allow":["GET"]}}],"collection":[{"href":"https:\/\/www.mission-21.org\/es\/wp-json\/wp\/v2\/projekte"}],"about":[{"href":"https:\/\/www.mission-21.org\/es\/wp-json\/wp\/v2\/types\/projekte"}],"version-history":[{"count":10,"href":"https:\/\/www.mission-21.org\/es\/wp-json\/wp\/v2\/projekte\/1028\/revisions"}],"predecessor-version":[{"id":19765,"href":"https:\/\/www.mission-21.org\/es\/wp-json\/wp\/v2\/projekte\/1028\/revisions\/19765"}],"wp:featuredmedia":[{"embeddable":true,"href":"https:\/\/www.mission-21.org\/es\/wp-json\/wp\/v2\/media\/763"}],"wp:attachment":[{"href":"https:\/\/www.mission-21.org\/es\/wp-json\/wp\/v2\/media?parent=1028"}],"wp:term":[{"taxonomy":"land","embeddable":true,"href":"https:\/\/www.mission-21.org\/es\/wp-json\/wp\/v2\/land?post=1028"},{"taxonomy":"wirkungsbereich","embeddable":true,"href":"https:\/\/www.mission-21.org\/es\/wp-json\/wp\/v2\/wirkungsbereich?post=1028"}],"curies":[{"name":"wp","href":"https:\/\/api.w.org\/{rel}","templated":true}]}}

Programa de Cooperación con América Latina

<h2 class="wp-block-heading" id="hintergrundinformationen">Información de fondo</h2>



<p>En el corazón de los Andes, Misión 21 se compromete a ayudar a las personas marginadas de Bolivia y Perú. En lugares donde la asistencia social estatal tiene escaso impacto, nuestras organizaciones socias llevan a cabo proyectos que fortalecen de forma sostenible a grupos sociales especialmente vulnerables, como familias indígenas minifundistas, mujeres y niñas, y les permiten llevar una vida lo más autónoma posible y digna. Las organizaciones socias de Misión 21 también trabajan en los centros urbanos de Bolivia, Costa Rica y Perú, donde apuestan por una convivencia social inclusiva que promueva la igualdad de género y esté libre de violencia sexual y discriminación.</p>



<p></p>



<h2 class="wp-block-heading" id="projektziele20222025">Objetivos del programa 2025 - 2028</h2>



<p><strong>Soberanía alimentaria en los Andes</strong></p>



<p>En los Andes peruanos y bolivianos, nuestra organización asociada trabaja con más de 6.300 familias de pequeños agricultores de habla quechua y aymara para garantizar su derecho a la alimentación.</p>



<p>El proyecto promueve métodos de agricultura agroecológica que permiten a los agricultores cultivar sus tierras y campos en armonía con la naturaleza. También crean nuevos sistemas alimentarios gracias a semillas locales, fertilizantes orgánicos e invernaderos construidos por ellos mismos, que proporcionan un suministro sostenible de alimentos nutritivos y crean nuevas oportunidades de ingresos. Todo ello refuerza la resiliencia y la autonomía de las familias de uno de los grupos de población más vulnerables.</p>



<p><strong>El lago Titicaca, necesitado: estrategias para la justicia climática</strong></p>



<p>El lago Titicaca atraviesa una grave crisis que pone en peligro el abastecimiento de agua de casi tres millones de personas en Bolivia y Perú. Además de la escasez de agua, las aguas residuales y los residuos procedentes de hogares, hospitales y, en algunos casos, de la minería ilegal están contaminando el lago Titicaca y sus afluentes. Las organizaciones de mujeres indígenas y los jóvenes se están organizando y haciendo campaña para salvar su sagrado lago Titicaca y sus afluentes. Además de jornadas y foros binacionales de acción medioambiental, se están promoviendo actividades creativas para sensibilizar a toda la sociedad y conseguir medidas concretas por parte de las autoridades.</p>



<p><strong>Extracción de agua en los Andes: Adaptación al cambio climático</strong></p>



<p>Los donativos recaudados benefician a socios que trabajan con la agricultura ecológica. Los donativos se destinan de forma continuada a proyectos de gestión del agua y reforestación.</p>



<p><strong>Superar la violencia de género: promover la autodeterminación y la justicia</strong></p>



<p>La violencia y la impunidad son un problema generalizado en todos los países latinoamericanos. Nuestros socios de proyecto están especialmente comprometidos en la lucha contra la violencia doméstica, sexual y de género contra las mujeres, los niños y los miembros de la comunidad LGBTIQ. Las organizaciones del proyecto trabajan activamente en la prevención y en la prestación de apoyo jurídico y psicosocial a las víctimas de la violencia sexual y doméstica. Las víctimas de violencia sexual experimentan que sus agresores rara vez son procesados y castigados. Nuestros socios de Bolivia y Perú trabajan con estrategias a varios niveles para cambiar esta situación. También logran su impacto a través de un estrecho diálogo con las autoridades.</p>



<p><strong>Mujeres y jóvenes indígenas: reforzar la participación política y la protección del medio ambiente</strong></p>



<p>La labor educativa de nuestros socios mejora las oportunidades de participación política y social de las mujeres y los jóvenes de las zonas rurales de Perú. Gracias al trabajo del proyecto, las mujeres indígenas saben cómo hacer campañas más eficaces a nivel político para la protección del lago Titicaca y cómo exigir la implicación del Estado a través de cauces jurídicamente vinculantes. Los jóvenes también hacen campaña por una mayor protección del medio ambiente y reclaman el compromiso de toda la sociedad para proteger las aguas de la contaminación y proteger el medio ambiente en su conjunto.</p>



<p><strong>Educación teológica para la democracia y la inclusión social</strong> <strong>Empresas</strong></p>



<p>En América Latina se mantiene la tendencia hacia un fundamentalismo cristiano de tinte político y religioso y hacia gobiernos autoritarios. Nuestras organizaciones asociadas trabajan para contrarrestar estas tendencias. Abogan por un enfoque crítico de la teología y la religión y utilizan sus programas educativos para promover la inclusión social de los disidentes y las minorías sociales, así como el cuidado y el respeto del medio ambiente. En vista de la creciente influencia política de las iglesias conservadoras, varias organizaciones copartes están adoptando de nuevo un enfoque más activo en los círculos eclesiásticos más conservadores de América Latina y ofrecen una lectura socialmente crítica de la Biblia que promueve una sociedad de tolerancia, derechos humanos y diálogo.</p>



<p><strong>Una sociedad civil fuerte para el desarrollo sostenible</strong></p>



<p>Las organizaciones asociadas se fortalecen mediante formación específica para que se conviertan en actores que trabajen de forma transparente, eficiente y responsable. De este modo, Mission 21 fomenta su influencia como líderes de opinión en la sociedad civil y crea instituciones y líderes fuertes que pueden propiciar un cambio sostenible. La atención se centra en talleres sobre el tema del ≪artivismo≫: este enfoque utiliza la combinación de arte y acción social en espacios públicos como medio para llamar la atención sobre la crisis medioambiental o el menoscabo de los derechos políticos de forma creativa y pacífica. En las reuniones periódicas se intercambian conocimientos sobre estrategias para hacer frente a la violencia de género contra las mujeres indígenas y el asesoramiento jurídico, así como sobre enfoques para que los hombres y los niños desarrollen imágenes positivas de la masculinidad.</p>



<h2 class="wp-block-heading" id="projekteInBolivienCostaRicaUndPeru">Proyectos del Programa de Cooperación </h2>



<p>Nuestros proyectos en América Latina están agrupados por temas. Seguimos apoyando a nuestras organizaciones asociadas en sus proyectos y estaremos encantados de facilitar información sobre las actividades individuales y el uso detallado de los fondos previa solicitud.</p>



<p><a href="https://www.mission-21.org/es/proyectos/educacion-para-el-cambio-social-en-america-latina/">400.1020 Formación teológica para sociedades democráticas y socialmente inclusivas en Perú y Costa Rica</a></p>



<p><a href="https://www.mission-21.org/es/proyectos/superacion-violencia-permitir-autodeterminacion-2/">400.1021 Superar la violencia de género - promover la autodeterminación y la justicia en los Andes</a></p>



<p><a href="https://www.mission-21.org/es/proyectos/captacion-de-agua-en-los-andes-adaptacion-al-cambio-climatico/">400.1022 Extracción de agua en los Andes: Adaptación al cambio climático</a></p>



<p>400.1400 Una sociedad civil fuerte para el desarrollo sostenible en América Latina</p>



<p><a href="https://www.mission-21.org/es/proyectos/la-soberania-alimentaria-en-el-espacio-andino/">420.1020 Soberanía alimentaria en los Andes</a></p>



<p>420.1021 El lago Titicaca, necesitado: estrategias para la justicia climática</p>



<p></p>
