{"id":17239,"date":"2025-04-24T13:32:31","date_gmt":"2025-04-24T11:32:31","guid":{"rendered":"https:\/\/www.mission-21.org\/?post_type=veranstaltung&#038;p=17239"},"modified":"2025-09-25T09:56:37","modified_gmt":"2025-09-25T07:56:37","slug":"foro-internacional-sobre-consolidacion-de-la-paz-interreligiosa-y-transcultural-2","status":"publish","type":"veranstaltung","link":"https:\/\/www.mission-21.org\/es\/veranstaltung\/internationales-forum-zu-interreligioeser-und-transkultureller-friedensfoerderung-2\/","title":{"rendered":"Foro Internacional 2025 - Paz en la Tierra, Paz con la Tierra"},"content":{"rendered":"<p><strong>Espiritualidades y culturas para la justicia medioambiental y consolidaci\u00f3n de la paz<\/strong><\/p>\n\n\n\n<p>La paz es una planta fr\u00e1gil. Personas y comunidades de todo el mundo son conscientes de lo mucho que hay que  protegerla y cuidarla. Esto se aplica a la paz que se busca dentro de las sociedades y entre las naciones, pero que con demasiada frecuencia se ve vulnerada. <\/p>\n\n\n\n<p>Pero tambi\u00e9n se aplica a la tierra y a los elementos naturales que se consumen, da\u00f1an y explotan sin respetar su integridad y sin tener en cuenta las repercusiones de esta explotaci\u00f3n en las generaciones actuales y futuras. La humanidad se est\u00e1 dando cuenta poco a poco de que la paz en la tierra est\u00e1 estrechamente relacionada con la paz con la tierra.<\/p>\n\n\n\n<p><strong>Fomento de nuevas v\u00edas hacia una paz global<\/strong><\/p>\n\n\n\n<p>Los mitos, las tradiciones religiosas, las visiones del mundo, las espiritualidades, los conocimientos y los estilos de vida respetuosos con el medio ambiente, que fueron transmitidos de generaci\u00f3n en generaci\u00f3n, contienen poderosas contranarrativas a la visi\u00f3n antropoc\u00e9ntrica de la naturaleza: la tierra, sus elementos naturales, los seres humanos y todos los seres vivos forman un solo ecosistema interconectado. Por lo tanto, la creaci\u00f3n de una paz, que incluye la justicia representa en el sendituo m\u00e1s verdadero de la palabra una responsabilidad hol\u00edstica y ecol\u00f3gica.<\/p>\n\n\n\n<p>La edici\u00f3n 2025 del Foro internacional sobre la consolidaci\u00f3n de la paz interconfesional y transcultural invita a los participantes a embarcarse en un viaje fascinante. Un viaje para descubrir la paz y la justicia medioambiental a trav\u00e9s de las perspectivas de diferentes religiones y culturas. Las voces ind\u00edgenas, que a menudo no son escuchadas, enriquecer\u00e1n el di\u00e1logo con sus ideas y sus enfoques para la acci\u00f3n. El foro ofrecer\u00e1 muchas inspiraciones para todos aquellos interesados en explorar nuevos caminos hacia la paz, con todos los seres vivos y con la tierra.<\/p>\n\n\n\n<p>Los invitamos a apoyarnos y sumarse a nuestra comunidad internacional de aprendizaje durante este evento virtual excepcional que se celebrar\u00e1 los d\u00edas 23 y 24 de octubre de 2025.<\/p>\n\n\n\n<p class=\"has-ast-global-color-7-color has-text-color has-link-color has-medium-font-size wp-elements-9b1992ccc6276e35fcae771ee03df6cd\">A continuaci\u00f3n encontrar\u00e1 la <strong>Programa<\/strong>. M\u00e1s adelante se ofrecer\u00e1 un programa detallado y m\u00e1s informaci\u00f3n.<\/p>\n\n\n\n<figure class=\"wp-block-image size-large is-resized\"><img decoding=\"async\" width=\"960\" height=\"1200\" src=\"https:\/\/www.mission-21.org\/wp-content\/uploads\/2025\/04\/simple-program-internationales-forum-960x1200.png\" alt=\"El programa se divide en cuatro sesiones: dos el jueves por la tarde y dos el viernes. \" class=\"wp-image-17936\" style=\"width:714px;height:auto\" srcset=\"https:\/\/www.mission-21.org\/wp-content\/uploads\/2025\/04\/simple-program-internationales-forum-960x1200.png 960w, https:\/\/www.mission-21.org\/wp-content\/uploads\/2025\/04\/simple-program-internationales-forum-720x900.png 720w, https:\/\/www.mission-21.org\/wp-content\/uploads\/2025\/04\/simple-program-internationales-forum-768x960.png 768w, https:\/\/www.mission-21.org\/wp-content\/uploads\/2025\/04\/simple-program-internationales-forum-10x12.png 10w, https:\/\/www.mission-21.org\/wp-content\/uploads\/2025\/04\/simple-program-internationales-forum-300x375.png 300w, https:\/\/www.mission-21.org\/wp-content\/uploads\/2025\/04\/simple-program-internationales-forum-600x750.png 600w, https:\/\/www.mission-21.org\/wp-content\/uploads\/2025\/04\/simple-program-internationales-forum.png 1080w\" sizes=\"(max-width: 960px) 100vw, 960px\" \/><\/figure>\n\n\n\n<div style=\"height:40px\" aria-hidden=\"true\" class=\"wp-block-spacer\"><\/div>\n\n\n\n<details class=\"wp-block-details has-medium-font-size is-layout-flow wp-block-details-is-layout-flow\"><summary>Comunidad WhatsApp<\/summary>\n<p>Al participar en el Foro Internacional sobre la Construcci\u00f3n de la Paz Interconfesional y Transcultural y\/o al unirse a la Comunidad de WhatsApp correspondiente, usted confirma haber le\u00eddo y respetar nuestras directrices de Seguridad y C\u00f3digo de Conducta, as\u00ed como los T\u00e9rminos y Condiciones, ambos elaborados a continuaci\u00f3n. Tambi\u00e9n confirma que ha cumplido los 18 a\u00f1os y que, por lo tanto, es mayor de edad, y que est\u00e1 de acuerdo con nuestros<a href=\"https:\/\/www.mission-21.org\/en\/data-protection\/#:~:text=In%20principle%2C%20we%20only%20collect,personal%20data%20is%20being%20processed.\"> Pol\u00edtica de privacidad.&nbsp;&nbsp;<\/a><\/p>\n\n\n\n<p>Si se une a la Comunidad WhatsApp, confirma adem\u00e1s que ha le\u00eddo y respeta las condiciones de uso de WhatsApp: <a href=\"https:\/\/www.whatsapp.com\/legal?lang=en\" target=\"_blank\" rel=\"noreferrer noopener\">https:\/\/www.whatsapp.com\/legal?lang=en<\/a>&nbsp;<\/p>\n\n\n\n<p>Ten en cuenta que si interact\u00faas en la comunidad, los dem\u00e1s participantes pueden ver partes de tu n\u00famero de tel\u00e9fono (y, por tanto, saber de qu\u00e9 pa\u00eds eres), as\u00ed como tu nombre de WhatsApp.&nbsp;&nbsp;<\/p>\n\n\n\n<p>Para unirse a la Comunidad WhatsApp y recibir as\u00ed todas las novedades del Foro internacional, siga este enlace: <a href=\"https:\/\/chat.whatsapp.com\/CH3rX0B7rtqL93XqZXwL9y?mode=ems_copy_c\">https:\/\/chat.whatsapp.com\/HqVKvT84YhBIZ2UX2rw5SV<\/a><\/p>\n<\/details>\n\n\n\n<div style=\"height:25px\" aria-hidden=\"true\" class=\"wp-block-spacer\"><\/div>\n\n\n\n<details class=\"wp-block-details is-layout-flow wp-block-details-is-layout-flow\"><summary>Seguridad y c\u00f3digo de conducta<\/summary>\n<p>El Foro Internacional sobre la Construcci\u00f3n de la Paz Interconfesional y Transcultural es un evento en l\u00ednea al que se unen personas de todo el mundo. Esto implica que procedemos de distintos entornos y entendimientos culturales. Te pedimos que seas consciente de esta diversidad, aceptes los diferentes puntos de vista y participes de forma respetuosa. La incitaci\u00f3n al odio y cualquier tipo de expresi\u00f3n discriminatoria no se consideran opiniones o puntos de vista y deben comunicarse inmediatamente a los organizadores del evento.&nbsp;<\/p>\n\n\n\n<p>El objetivo del Foro Internacional sobre la Construcci\u00f3n de la Paz Interconfesional y Transcultural es aprender, debatir e intercambiar sobre los temas tratados en un grupo amplio y diverso de participantes. El acto est\u00e1 abierto a un p\u00fablico internacional. Por consiguiente, Mission 21 no conoce necesariamente a cada uno de los participantes. Por ello, le pedimos que comparta sus datos de contacto con precauci\u00f3n. Si no se siente c\u00f3modo o si se produce alg\u00fan incidente con otro participante, le rogamos que nos lo comunique. Puede desactivar el sonido y el v\u00eddeo en cualquier momento.&nbsp;<\/p>\n<\/details>\n\n\n\n<div style=\"height:25px\" aria-hidden=\"true\" class=\"wp-block-spacer\"><\/div>\n\n\n\n<details class=\"wp-block-details is-layout-flow wp-block-details-is-layout-flow\"><summary>Condiciones generales<\/summary>\n<p>El Foro Internacional sobre la Construcci\u00f3n de la Paz Interconfesional y Transcultural tiene como objetivo el intercambio y la creaci\u00f3n de redes. Al asistir al mismo, usted confirma que se comportar\u00e1 de forma respetuosa y tolerante con los dem\u00e1s participantes, administradores y ponentes. No se tolerar\u00e1n las agresiones verbales, la discriminaci\u00f3n, el sexismo o el racismo, que pueden acarrear la exclusi\u00f3n del evento y consecuencias legales. Lo mismo se aplica a la publicaci\u00f3n de anuncios o contenidos ofensivos (pornograf\u00eda, violencia, etc.).&nbsp;<\/p>\n\n\n\n<p>A efectos de publicaci\u00f3n, algunas partes del Foro podr\u00e1n ser captadas en im\u00e1genes y grabadas en v\u00eddeo. Se ruega a quienes deseen que sus im\u00e1genes no sean publicadas que lo notifiquen con antelaci\u00f3n a los organizadores. Con su inscripci\u00f3n, usted ha aceptado las siguientes condiciones de Mission 21 <a href=\"https:\/\/www.mission-21.org\/en\/data-protection\/\" target=\"_blank\" rel=\"noreferrer noopener\">Pol\u00edtica de privacidad<\/a>.&nbsp;<\/p>\n\n\n\n<p>Dado que no todo el mundo puede ver la lista de personas que desean que sus im\u00e1genes queden excluidas, le rogamos que se asegure de solicitar el consentimiento previo cuando se haga una foto o una captura de pantalla. Esto tambi\u00e9n se aplica a otras formas de grabaci\u00f3n para cualquier fin posible.&nbsp;<\/p>\n<\/details>\n\n\n\n<p><\/p>","protected":false},"excerpt":{"rendered":"<p>La edici\u00f3n 2025 del Foro Internacional para la Construcci\u00f3n de la Paz Interreligiosa y Transcultural invita a los participantes a embarcarse en l\u00ednea (en \"Zoom\") en un viaje fascinante sobre el tema \"Paz en la Tierra, Paz con la Tierra\". Un viaje para descubrir la paz y la justicia medioambiental a trav\u00e9s de los ojos de diferentes religiones y culturas. Un viaje que ofrece inspiraci\u00f3n para recorrer nuevos caminos hacia la paz.<\/p>","protected":false},"featured_media":17901,"template":"","meta":{"_acf_changed":true,"_seopress_robots_primary_cat":"","_seopress_titles_title":"","_seopress_titles_desc":"","_seopress_robots_index":"","_searchwp_excluded":"","site-sidebar-layout":"default","site-content-layout":"","ast-site-content-layout":"default","site-content-style":"default","site-sidebar-style":"default","ast-global-header-display":"","ast-banner-title-visibility":"","ast-main-header-display":"","ast-hfb-above-header-display":"","ast-hfb-below-header-display":"","ast-hfb-mobile-header-display":"","site-post-title":"","ast-breadcrumbs-content":"","ast-featured-img":"","footer-sml-layout":"","ast-disable-related-posts":"","theme-transparent-header-meta":"","adv-header-id-meta":"","stick-header-meta":"","header-above-stick-meta":"","header-main-stick-meta":"","header-below-stick-meta":"","astra-migrate-meta-layouts":"set","ast-page-background-enabled":"default","ast-page-background-meta":{"desktop":{"background-color":"var(--ast-global-color-4)","background-image":"","background-repeat":"repeat","background-position":"center center","background-size":"auto","background-attachment":"scroll","background-type":"","background-media":"","overlay-type":"","overlay-color":"","overlay-opacity":"","overlay-gradient":""},"tablet":{"background-color":"","background-image":"","background-repeat":"repeat","background-position":"center center","background-size":"auto","background-attachment":"scroll","background-type":"","background-media":"","overlay-type":"","overlay-color":"","overlay-opacity":"","overlay-gradient":""},"mobile":{"background-color":"","background-image":"","background-repeat":"repeat","background-position":"center center","background-size":"auto","background-attachment":"scroll","background-type":"","background-media":"","overlay-type":"","overlay-color":"","overlay-opacity":"","overlay-gradient":""}},"ast-content-background-meta":{"desktop":{"background-color":"var(--ast-global-color-5)","background-image":"","background-repeat":"repeat","background-position":"center center","background-size":"auto","background-attachment":"scroll","background-type":"","background-media":"","overlay-type":"","overlay-color":"","overlay-opacity":"","overlay-gradient":""},"tablet":{"background-color":"var(--ast-global-color-5)","background-image":"","background-repeat":"repeat","background-position":"center center","background-size":"auto","background-attachment":"scroll","background-type":"","background-media":"","overlay-type":"","overlay-color":"","overlay-opacity":"","overlay-gradient":""},"mobile":{"background-color":"var(--ast-global-color-5)","background-image":"","background-repeat":"repeat","background-position":"center center","background-size":"auto","background-attachment":"scroll","background-type":"","background-media":"","overlay-type":"","overlay-color":"","overlay-opacity":"","overlay-gradient":""}}},"land":[50],"veranstaltungskategorie":[458],"class_list":{"0":"post-17239","1":"veranstaltung","2":"type-veranstaltung","3":"status-publish","4":"has-post-thumbnail","6":"land-weltweit","7":"veranstaltungskategorie-int-forum-interreligioese-und-transkulturelle-friedensfoerderung"},"acf":{"bildbeschriftung":"","datum":"20251023","end_datum":"20251024","start_uhrzeit":"","ende_uhrzeit":"","ort":"Online","weiterleitung":""},"_links":{"self":[{"href":"https:\/\/www.mission-21.org\/es\/wp-json\/wp\/v2\/veranstaltung\/17239","targetHints":{"allow":["GET"]}}],"collection":[{"href":"https:\/\/www.mission-21.org\/es\/wp-json\/wp\/v2\/veranstaltung"}],"about":[{"href":"https:\/\/www.mission-21.org\/es\/wp-json\/wp\/v2\/types\/veranstaltung"}],"wp:featuredmedia":[{"embeddable":true,"href":"https:\/\/www.mission-21.org\/es\/wp-json\/wp\/v2\/media\/17901"}],"wp:attachment":[{"href":"https:\/\/www.mission-21.org\/es\/wp-json\/wp\/v2\/media?parent=17239"}],"wp:term":[{"taxonomy":"land","embeddable":true,"href":"https:\/\/www.mission-21.org\/es\/wp-json\/wp\/v2\/land?post=17239"},{"taxonomy":"veranstaltungskategorie","embeddable":true,"href":"https:\/\/www.mission-21.org\/es\/wp-json\/wp\/v2\/veranstaltungskategorie?post=17239"}],"curies":[{"name":"wp","href":"https:\/\/api.w.org\/{rel}","templated":true}]}}

<p><strong>Espiritualidades y culturas para la justicia medioambiental y consolidación de la paz</strong></p>



<p>La paz es una planta frágil. Personas y comunidades de todo el mundo son conscientes de lo mucho que hay que  protegerla y cuidarla. Esto se aplica a la paz que se busca dentro de las sociedades y entre las naciones, pero que con demasiada frecuencia se ve vulnerada. </p>



<p>Pero también se aplica a la tierra y a los elementos naturales que se consumen, dañan y explotan sin respetar su integridad y sin tener en cuenta las repercusiones de esta explotación en las generaciones actuales y futuras. La humanidad se está dando cuenta poco a poco de que la paz en la tierra está estrechamente relacionada con la paz con la tierra.</p>



<p><strong>Fomento de nuevas vías hacia una paz global</strong></p>



<p>Los mitos, las tradiciones religiosas, las visiones del mundo, las espiritualidades, los conocimientos y los estilos de vida respetuosos con el medio ambiente, que fueron transmitidos de generación en generación, contienen poderosas contranarrativas a la visión antropocéntrica de la naturaleza: la tierra, sus elementos naturales, los seres humanos y todos los seres vivos forman un solo ecosistema interconectado. Por lo tanto, la creación de una paz, que incluye la justicia representa en el sendituo más verdadero de la palabra una responsabilidad holística y ecológica.</p>



<p>La edición 2025 del Foro internacional sobre la consolidación de la paz interconfesional y transcultural invita a los participantes a embarcarse en un viaje fascinante. Un viaje para descubrir la paz y la justicia medioambiental a través de las perspectivas de diferentes religiones y culturas. Las voces indígenas, que a menudo no son escuchadas, enriquecerán el diálogo con sus ideas y sus enfoques para la acción. El foro ofrecerá muchas inspiraciones para todos aquellos interesados en explorar nuevos caminos hacia la paz, con todos los seres vivos y con la tierra.</p>



<p>Los invitamos a apoyarnos y sumarse a nuestra comunidad internacional de aprendizaje durante este evento virtual excepcional que se celebrará los días 23 y 24 de octubre de 2025.</p>



<p class="has-ast-global-color-7-color has-text-color has-link-color has-medium-font-size wp-elements-9b1992ccc6276e35fcae771ee03df6cd">A continuación encontrará la <strong>Programa</strong>. Más adelante se ofrecerá un programa detallado y más información.</p>



<figure class="wp-block-image size-large is-resized"><img decoding="async" width="960" height="1200" src="https://www.mission-21.org/wp-content/uploads/2025/04/simple-program-internationales-forum-960x1200.png" alt="El programa se divide en cuatro sesiones: dos el jueves por la tarde y dos el viernes. " class="wp-image-17936" style="width:714px;height:auto" srcset="https://www.mission-21.org/wp-content/uploads/2025/04/simple-program-internationales-forum-960x1200.png 960w, https://www.mission-21.org/wp-content/uploads/2025/04/simple-program-internationales-forum-720x900.png 720w, https://www.mission-21.org/wp-content/uploads/2025/04/simple-program-internationales-forum-768x960.png 768w, https://www.mission-21.org/wp-content/uploads/2025/04/simple-program-internationales-forum-10x12.png 10w, https://www.mission-21.org/wp-content/uploads/2025/04/simple-program-internationales-forum-300x375.png 300w, https://www.mission-21.org/wp-content/uploads/2025/04/simple-program-internationales-forum-600x750.png 600w, https://www.mission-21.org/wp-content/uploads/2025/04/simple-program-internationales-forum.png 1080w" sizes="(max-width: 960px) 100vw, 960px" /></figure>



<div style="height:40px" aria-hidden="true" class="wp-block-spacer"></div>



<details class="wp-block-details has-medium-font-size is-layout-flow wp-block-details-is-layout-flow"><summary>Comunidad WhatsApp</summary>
<p>Al participar en el Foro Internacional sobre la Construcción de la Paz Interconfesional y Transcultural y/o al unirse a la Comunidad de WhatsApp correspondiente, usted confirma haber leído y respetar nuestras directrices de Seguridad y Código de Conducta, así como los Términos y Condiciones, ambos elaborados a continuación. También confirma que ha cumplido los 18 años y que, por lo tanto, es mayor de edad, y que está de acuerdo con nuestros<a href="https://www.mission-21.org/en/data-protection/#:~:text=In%20principle%2C%20we%20only%20collect,personal%20data%20is%20being%20processed."> Política de privacidad.&nbsp;&nbsp;</a></p>



<p>Si se une a la Comunidad WhatsApp, confirma además que ha leído y respeta las condiciones de uso de WhatsApp: <a href="https://www.whatsapp.com/legal?lang=en" target="_blank" rel="noreferrer noopener">https://www.whatsapp.com/legal?lang=en</a>&nbsp;</p>



<p>Ten en cuenta que si interactúas en la comunidad, los demás participantes pueden ver partes de tu número de teléfono (y, por tanto, saber de qué país eres), así como tu nombre de WhatsApp.&nbsp;&nbsp;</p>



<p>Para unirse a la Comunidad WhatsApp y recibir así todas las novedades del Foro internacional, siga este enlace: <a href="https://chat.whatsapp.com/CH3rX0B7rtqL93XqZXwL9y?mode=ems_copy_c">https://chat.whatsapp.com/HqVKvT84YhBIZ2UX2rw5SV</a></p>
</details>



<div style="height:25px" aria-hidden="true" class="wp-block-spacer"></div>



<details class="wp-block-details is-layout-flow wp-block-details-is-layout-flow"><summary>Seguridad y código de conducta</summary>
<p>El Foro Internacional sobre la Construcción de la Paz Interconfesional y Transcultural es un evento en línea al que se unen personas de todo el mundo. Esto implica que procedemos de distintos entornos y entendimientos culturales. Te pedimos que seas consciente de esta diversidad, aceptes los diferentes puntos de vista y participes de forma respetuosa. La incitación al odio y cualquier tipo de expresión discriminatoria no se consideran opiniones o puntos de vista y deben comunicarse inmediatamente a los organizadores del evento.&nbsp;</p>



<p>El objetivo del Foro Internacional sobre la Construcción de la Paz Interconfesional y Transcultural es aprender, debatir e intercambiar sobre los temas tratados en un grupo amplio y diverso de participantes. El acto está abierto a un público internacional. Por consiguiente, Mission 21 no conoce necesariamente a cada uno de los participantes. Por ello, le pedimos que comparta sus datos de contacto con precaución. Si no se siente cómodo o si se produce algún incidente con otro participante, le rogamos que nos lo comunique. Puede desactivar el sonido y el vídeo en cualquier momento.&nbsp;</p>
</details>



<div style="height:25px" aria-hidden="true" class="wp-block-spacer"></div>



<details class="wp-block-details is-layout-flow wp-block-details-is-layout-flow"><summary>Condiciones generales</summary>
<p>El Foro Internacional sobre la Construcción de la Paz Interconfesional y Transcultural tiene como objetivo el intercambio y la creación de redes. Al asistir al mismo, usted confirma que se comportará de forma respetuosa y tolerante con los demás participantes, administradores y ponentes. No se tolerarán las agresiones verbales, la discriminación, el sexismo o el racismo, que pueden acarrear la exclusión del evento y consecuencias legales. Lo mismo se aplica a la publicación de anuncios o contenidos ofensivos (pornografía, violencia, etc.).&nbsp;</p>



<p>A efectos de publicación, algunas partes del Foro podrán ser captadas en imágenes y grabadas en vídeo. Se ruega a quienes deseen que sus imágenes no sean publicadas que lo notifiquen con antelación a los organizadores. Con su inscripción, usted ha aceptado las siguientes condiciones de Mission 21 <a href="https://www.mission-21.org/en/data-protection/" target="_blank" rel="noreferrer noopener">Política de privacidad</a>.&nbsp;</p>



<p>Dado que no todo el mundo puede ver la lista de personas que desean que sus imágenes queden excluidas, le rogamos que se asegure de solicitar el consentimiento previo cuando se haga una foto o una captura de pantalla. Esto también se aplica a otras formas de grabación para cualquier fin posible.&nbsp;</p>
</details>



<p></p>

<p>La edición 2025 del Foro Internacional para la Construcción de la Paz Interreligiosa y Transcultural invita a los participantes a embarcarse en línea (en "Zoom") en un viaje fascinante sobre el tema "Paz en la Tierra, Paz con la Tierra". Un viaje para descubrir la paz y la justicia medioambiental a través de los ojos de diferentes religiones y culturas. Un viaje que ofrece inspiración para recorrer nuevos caminos hacia la paz.</p>
