{"id":17811,"date":"2025-07-24T12:00:00","date_gmt":"2025-07-24T10:00:00","guid":{"rendered":"https:\/\/www.mission-21.org\/?post_type=veranstaltung&#038;p=17811"},"modified":"2026-04-02T10:07:57","modified_gmt":"2026-04-02T08:07:57","slug":"cumbre-de-la-juventud-2026","status":"publish","type":"veranstaltung","link":"https:\/\/www.mission-21.org\/es\/veranstaltung\/youth-summit-2026\/","title":{"rendered":"Cumbre de la Juventud 2026"},"content":{"rendered":"<p>\u00a1Ya se est\u00e1 planificando la Cumbre de la Juventud de 2026! El equipo de young@mission21 y la Junta de Sondeo se complacen en anunciar que el evento del a\u00f1o que viene ser\u00e1 m\u00e1s grande que en a\u00f1os anteriores. Despu\u00e9s de que alrededor de 140 j\u00f3venes adultos de 38 pa\u00edses se inscribieran en 2025 y de que los participantes estuvieran muy comprometidos con el evento, nos gustar\u00eda cumplir su deseo de tener m\u00e1s espacio para compartir y aprender juntos. Con este fin, hemos ampliado la Cumbre de la Juventud a dos d\u00edas y m\u00e1s del doble de tiempo. As\u00ed que apunten las fechas en sus agendas: el <strong>Cumbre de la Juventud 2026 <\/strong>tiene lugar el <strong>Viernes 27 y s\u00e1bado 28 de marzo de 2026<\/strong> en l\u00ednea a trav\u00e9s de<strong> Zoom <\/strong>en su lugar.<\/p>\n\n\n\n<p>Este a\u00f1o, todo gira en torno a la conservaci\u00f3n y promoci\u00f3n de <strong>Biodiversidad.<\/strong> En las tres sesiones estudiaremos nuevas perspectivas al respecto, enfoques socioculturales y, por supuesto, \u00a1el compromiso de los j\u00f3venes adultos de todo el mundo!<\/p>\n\n\n\n<p>La Cumbre de la Juventud 2026 tendr\u00e1 lugar en las siguientes franjas horarias: <\/p>\n\n\n\n<figure class=\"wp-block-table\"><table class=\"has-fixed-layout\"><tbody><tr><td>Viernes 27 de marzo, de 17.00 a 18.30 h.<\/td><td>Nuevas perspectivas sobre las repercusiones de la disminuci\u00f3n de la biodiversidad y las adaptaciones locales<\/td><\/tr><tr><td>S\u00e1bado 28 de marzo, de 14.00 a 15.30 h.<\/td><td>El patrimonio de la conservaci\u00f3n de la biodiversidad<\/td><\/tr><tr><td>S\u00e1bado 28 de marzo, de 16.00 a 17.30 h.<\/td><td>Acciones juveniles contra la disminuci\u00f3n de la biodiversidad<\/td><\/tr><\/tbody><\/table><\/figure>\n\n\n\n<p><\/p>\n\n\n\n<p>Puedes inscribirte en los tres bloques o en bloques individuales. La inscripci\u00f3n est\u00e1 abierta a todos los j\u00f3venes interesados de entre 18 y 35 a\u00f1os. La Cumbre de la Juventud se celebra en ingl\u00e9s con subt\u00edtulos autom\u00e1ticos.<\/p>\n\n\n\n<p>Para estar al d\u00eda y recibir la informaci\u00f3n m\u00e1s reciente, detallada e interesante, s\u00edganos en <a href=\"https:\/\/www.instagram.com\/youngatmission21\/\">Instagram<\/a> o<a href=\"https:\/\/www.facebook.com\/youngatmission21\/\"> Facebook<\/a>.<\/p>\n\n\n\n<details class=\"wp-block-details is-layout-flow wp-block-details-is-layout-flow\"><summary>Seguridad y c\u00f3digo de conducta<\/summary>\n<p>La Cumbre de la Juventud es una reuni\u00f3n internacional en l\u00ednea. Participan personas de todo el mundo, \u00a1lo cual es estupendo! Esto tambi\u00e9n significa que todos procedemos de entornos diferentes y entendemos distintas culturas. Te pedimos que seas consciente de esta diversidad, aceptes los diferentes puntos de vista y participes de forma respetuosa. Por supuesto, el racismo, el sexismo y similares no son opiniones \/ puntos de vista y deben ser denunciados inmediatamente.<\/p>\n\n\n\n<p>La idea de la Cumbre de la Juventud es entrar en contacto y debatir los temas respectivos con gente nueva. Adem\u00e1s, nuestro equipo no conoce a todas las personas que participan en el evento. Por lo tanto, te pedimos que compartas tus datos de contacto con precauci\u00f3n. Para mantenerte en contacto, puedes unirte a la red young@mission21 en las redes sociales y suscribirte a nuestro bolet\u00edn.<\/p>\n\n\n\n<p>Si no te sientes c\u00f3modo o alguien se te acerca demasiado o si se produce alg\u00fan incidente con otro participante, inf\u00f3rmanos (por WhatsApp al 0041 61 260 22 88 o en young@mission-21.org). Puedes desactivar el sonido y el v\u00eddeo en cualquier momento.<\/p>\n\n\n\n<p>No a todo el mundo le gusta que le hagan fotos o capturas de pantalla de su compromiso. Entendemos y apreciamos su deseo de hacerlo, por ejemplo para compartir con los dem\u00e1s su entusiasmo por el evento. Sin embargo, si quieres hacer fotos o capturas de pantalla, te pedimos que te asegures de que todas las personas cuya foto, v\u00eddeo, nombre o similar sea visible se sientan c\u00f3modas con ello y est\u00e9n de acuerdo con que hagas una foto o una captura de pantalla. Esto tambi\u00e9n se aplica a otras formas de grabaci\u00f3n para cualquier fin posible.<\/p>\n\n\n\n<p><\/p>\n<\/details>\n\n\n\n<details class=\"wp-block-details is-layout-flow wp-block-details-is-layout-flow\"><summary>Condiciones generales<\/summary>\n<p>La Cumbre de la Juventud es un acontecimiento internacional cuyo objetivo es el intercambio intercultural y la creaci\u00f3n de redes. Al asistir a la Cumbre de la Juventud, confirmas que te comportar\u00e1s de forma respetuosa y tolerante con los dem\u00e1s participantes, administradores y ponentes. Las agresiones verbales, la discriminaci\u00f3n, el sexismo o el racismo no ser\u00e1n tolerados y pueden dar lugar a la exclusi\u00f3n del evento y a consecuencias legales. Lo mismo se aplica a la publicaci\u00f3n de anuncios o contenidos ofensivos (pornograf\u00eda, violencia, etc.).<\/p>\n\n\n\n<p>A efectos de publicaci\u00f3n, algunas partes de la Cumbre de la Juventud podr\u00e1n ser captadas en im\u00e1genes. Quienes deseen que sus im\u00e1genes sean excluidas de la publicaci\u00f3n pueden notific\u00e1rnoslo enviando un correo electr\u00f3nico a young@mission-21.org. Con su inscripci\u00f3n, ha aceptado las siguientes condiciones de Mission 21 <a href=\"https:\/\/www.mission-21.org\/en\/data-protection\/\">Pol\u00edtica de privacidad<\/a>. Dado que no todo el mundo puede ver la lista de personas que desean que sus im\u00e1genes queden excluidas, le pedimos que se asegure de que todo el mundo est\u00e1 de acuerdo cuando usted mismo haga una foto o una captura de pantalla. Esto tambi\u00e9n se aplica a otras formas de grabaci\u00f3n para cualquier fin posible<\/p>\n\n\n\n<p><\/p>\n<\/details>\n\n\n\n<p><\/p>\n\n\n\n<p><strong>El equipo de young@mission21 est\u00e1 deseando conocerte.<\/strong><\/p>\n\n\n\n<p>\u00bfA\u00fan tiene preguntas? P\u00f3ngase directamente en contacto con nosotros por correo electr\u00f3nico <strong>young@mission-21.org<\/strong> o por WhatsApp al 0041 61 260 22 88<\/p>\n\n\n\n<p><\/p>","protected":false},"excerpt":{"rendered":"<p>La Cumbre Internacional de la Juventud del pr\u00f3ximo a\u00f1o se celebrar\u00e1 en l\u00ednea a trav\u00e9s de Zoom los d\u00edas 27 y 28 de marzo de 2026. En el evento anual en l\u00ednea, los j\u00f3venes adultos abordar\u00e1n diversos temas relacionados con la justicia global. <\/p>","protected":false},"featured_media":15398,"template":"","meta":{"_acf_changed":true,"_seopress_robots_primary_cat":"","_seopress_titles_title":"","_seopress_titles_desc":"","_seopress_robots_index":"","_searchwp_excluded":"","site-sidebar-layout":"default","site-content-layout":"","ast-site-content-layout":"default","site-content-style":"default","site-sidebar-style":"default","ast-global-header-display":"","ast-banner-title-visibility":"","ast-main-header-display":"","ast-hfb-above-header-display":"","ast-hfb-below-header-display":"","ast-hfb-mobile-header-display":"","site-post-title":"","ast-breadcrumbs-content":"","ast-featured-img":"","footer-sml-layout":"","ast-disable-related-posts":"","theme-transparent-header-meta":"","adv-header-id-meta":"","stick-header-meta":"","header-above-stick-meta":"","header-main-stick-meta":"","header-below-stick-meta":"","astra-migrate-meta-layouts":"set","ast-page-background-enabled":"default","ast-page-background-meta":{"desktop":{"background-color":"var(--ast-global-color-4)","background-image":"","background-repeat":"repeat","background-position":"center center","background-size":"auto","background-attachment":"scroll","background-type":"","background-media":"","overlay-type":"","overlay-color":"","overlay-opacity":"","overlay-gradient":""},"tablet":{"background-color":"","background-image":"","background-repeat":"repeat","background-position":"center center","background-size":"auto","background-attachment":"scroll","background-type":"","background-media":"","overlay-type":"","overlay-color":"","overlay-opacity":"","overlay-gradient":""},"mobile":{"background-color":"","background-image":"","background-repeat":"repeat","background-position":"center center","background-size":"auto","background-attachment":"scroll","background-type":"","background-media":"","overlay-type":"","overlay-color":"","overlay-opacity":"","overlay-gradient":""}},"ast-content-background-meta":{"desktop":{"background-color":"var(--ast-global-color-5)","background-image":"","background-repeat":"repeat","background-position":"center center","background-size":"auto","background-attachment":"scroll","background-type":"","background-media":"","overlay-type":"","overlay-color":"","overlay-opacity":"","overlay-gradient":""},"tablet":{"background-color":"var(--ast-global-color-5)","background-image":"","background-repeat":"repeat","background-position":"center center","background-size":"auto","background-attachment":"scroll","background-type":"","background-media":"","overlay-type":"","overlay-color":"","overlay-opacity":"","overlay-gradient":""},"mobile":{"background-color":"var(--ast-global-color-5)","background-image":"","background-repeat":"repeat","background-position":"center center","background-size":"auto","background-attachment":"scroll","background-type":"","background-media":"","overlay-type":"","overlay-color":"","overlay-opacity":"","overlay-gradient":""}}},"land":[50],"veranstaltungskategorie":[231],"class_list":{"0":"post-17811","1":"veranstaltung","2":"type-veranstaltung","3":"status-publish","4":"has-post-thumbnail","6":"land-weltweit","7":"veranstaltungskategorie-youngmission21"},"acf":{"bildbeschriftung":"","datum":"20260327","end_datum":"20260328","start_uhrzeit":"","ende_uhrzeit":"","ort":"","weiterleitung":""},"_links":{"self":[{"href":"https:\/\/www.mission-21.org\/es\/wp-json\/wp\/v2\/veranstaltung\/17811","targetHints":{"allow":["GET"]}}],"collection":[{"href":"https:\/\/www.mission-21.org\/es\/wp-json\/wp\/v2\/veranstaltung"}],"about":[{"href":"https:\/\/www.mission-21.org\/es\/wp-json\/wp\/v2\/types\/veranstaltung"}],"wp:featuredmedia":[{"embeddable":true,"href":"https:\/\/www.mission-21.org\/es\/wp-json\/wp\/v2\/media\/15398"}],"wp:attachment":[{"href":"https:\/\/www.mission-21.org\/es\/wp-json\/wp\/v2\/media?parent=17811"}],"wp:term":[{"taxonomy":"land","embeddable":true,"href":"https:\/\/www.mission-21.org\/es\/wp-json\/wp\/v2\/land?post=17811"},{"taxonomy":"veranstaltungskategorie","embeddable":true,"href":"https:\/\/www.mission-21.org\/es\/wp-json\/wp\/v2\/veranstaltungskategorie?post=17811"}],"curies":[{"name":"wp","href":"https:\/\/api.w.org\/{rel}","templated":true}]}}

<p>¡Ya se está planificando la Cumbre de la Juventud de 2026! El equipo de young@mission21 y la Junta de Sondeo se complacen en anunciar que el evento del año que viene será más grande que en años anteriores. Después de que alrededor de 140 jóvenes adultos de 38 países se inscribieran en 2025 y de que los participantes estuvieran muy comprometidos con el evento, nos gustaría cumplir su deseo de tener más espacio para compartir y aprender juntos. Con este fin, hemos ampliado la Cumbre de la Juventud a dos días y más del doble de tiempo. Así que apunten las fechas en sus agendas: el <strong>Cumbre de la Juventud 2026 </strong>tiene lugar el <strong>Viernes 27 y sábado 28 de marzo de 2026</strong> en línea a través de<strong> Zoom </strong>en su lugar.</p>



<p>Este año, todo gira en torno a la conservación y promoción de <strong>Biodiversidad.</strong> En las tres sesiones estudiaremos nuevas perspectivas al respecto, enfoques socioculturales y, por supuesto, ¡el compromiso de los jóvenes adultos de todo el mundo!</p>



<p>La Cumbre de la Juventud 2026 tendrá lugar en las siguientes franjas horarias: </p>



<figure class="wp-block-table"><table class="has-fixed-layout"><tbody><tr><td>Viernes 27 de marzo, de 17.00 a 18.30 h.</td><td>Nuevas perspectivas sobre las repercusiones de la disminución de la biodiversidad y las adaptaciones locales</td></tr><tr><td>Sábado 28 de marzo, de 14.00 a 15.30 h.</td><td>El patrimonio de la conservación de la biodiversidad</td></tr><tr><td>Sábado 28 de marzo, de 16.00 a 17.30 h.</td><td>Acciones juveniles contra la disminución de la biodiversidad</td></tr></tbody></table></figure>



<p></p>



<p>Puedes inscribirte en los tres bloques o en bloques individuales. La inscripción está abierta a todos los jóvenes interesados de entre 18 y 35 años. La Cumbre de la Juventud se celebra en inglés con subtítulos automáticos.</p>



<p>Para estar al día y recibir la información más reciente, detallada e interesante, síganos en <a href="https://www.instagram.com/youngatmission21/">Instagram</a> o<a href="https://www.facebook.com/youngatmission21/"> Facebook</a>.</p>



<details class="wp-block-details is-layout-flow wp-block-details-is-layout-flow"><summary>Seguridad y código de conducta</summary>
<p>La Cumbre de la Juventud es una reunión internacional en línea. Participan personas de todo el mundo, ¡lo cual es estupendo! Esto también significa que todos procedemos de entornos diferentes y entendemos distintas culturas. Te pedimos que seas consciente de esta diversidad, aceptes los diferentes puntos de vista y participes de forma respetuosa. Por supuesto, el racismo, el sexismo y similares no son opiniones / puntos de vista y deben ser denunciados inmediatamente.</p>



<p>La idea de la Cumbre de la Juventud es entrar en contacto y debatir los temas respectivos con gente nueva. Además, nuestro equipo no conoce a todas las personas que participan en el evento. Por lo tanto, te pedimos que compartas tus datos de contacto con precaución. Para mantenerte en contacto, puedes unirte a la red young@mission21 en las redes sociales y suscribirte a nuestro boletín.</p>



<p>Si no te sientes cómodo o alguien se te acerca demasiado o si se produce algún incidente con otro participante, infórmanos (por WhatsApp al 0041 61 260 22 88 o en young@mission-21.org). Puedes desactivar el sonido y el vídeo en cualquier momento.</p>



<p>No a todo el mundo le gusta que le hagan fotos o capturas de pantalla de su compromiso. Entendemos y apreciamos su deseo de hacerlo, por ejemplo para compartir con los demás su entusiasmo por el evento. Sin embargo, si quieres hacer fotos o capturas de pantalla, te pedimos que te asegures de que todas las personas cuya foto, vídeo, nombre o similar sea visible se sientan cómodas con ello y estén de acuerdo con que hagas una foto o una captura de pantalla. Esto también se aplica a otras formas de grabación para cualquier fin posible.</p>



<p></p>
</details>



<details class="wp-block-details is-layout-flow wp-block-details-is-layout-flow"><summary>Condiciones generales</summary>
<p>La Cumbre de la Juventud es un acontecimiento internacional cuyo objetivo es el intercambio intercultural y la creación de redes. Al asistir a la Cumbre de la Juventud, confirmas que te comportarás de forma respetuosa y tolerante con los demás participantes, administradores y ponentes. Las agresiones verbales, la discriminación, el sexismo o el racismo no serán tolerados y pueden dar lugar a la exclusión del evento y a consecuencias legales. Lo mismo se aplica a la publicación de anuncios o contenidos ofensivos (pornografía, violencia, etc.).</p>



<p>A efectos de publicación, algunas partes de la Cumbre de la Juventud podrán ser captadas en imágenes. Quienes deseen que sus imágenes sean excluidas de la publicación pueden notificárnoslo enviando un correo electrónico a young@mission-21.org. Con su inscripción, ha aceptado las siguientes condiciones de Mission 21 <a href="https://www.mission-21.org/en/data-protection/">Política de privacidad</a>. Dado que no todo el mundo puede ver la lista de personas que desean que sus imágenes queden excluidas, le pedimos que se asegure de que todo el mundo está de acuerdo cuando usted mismo haga una foto o una captura de pantalla. Esto también se aplica a otras formas de grabación para cualquier fin posible</p>



<p></p>
</details>



<p></p>



<p><strong>El equipo de young@mission21 está deseando conocerte.</strong></p>



<p>¿Aún tiene preguntas? Póngase directamente en contacto con nosotros por correo electrónico <strong>young@mission-21.org</strong> o por WhatsApp al 0041 61 260 22 88</p>



<p></p>

<p>La Cumbre Internacional de la Juventud del próximo año se celebrará en línea a través de Zoom los días 27 y 28 de marzo de 2026. En el evento anual en línea, los jóvenes adultos abordarán diversos temas relacionados con la justicia global. </p>
