{"id":11899,"date":"2024-01-15T11:47:05","date_gmt":"2024-01-15T10:47:05","guid":{"rendered":"https:\/\/www.mission-21.org\/?post_type=veranstaltung&#038;p=11899"},"modified":"2025-04-10T15:51:33","modified_gmt":"2025-04-10T13:51:33","slug":"entre-racisme-et-respect-quel-est-le-rapport-entre-colonialisme-et-mission-et-racisme-2","status":"publish","type":"veranstaltung","link":"https:\/\/www.mission-21.org\/fr\/veranstaltung\/zwischen-rassismus-und-respekt-was-haben-kolonialismus-und-mission-mit-rassismus-zu-tun\/","title":{"rendered":"Entre racisme et respect : quel est le rapport entre colonialisme et mission et racisme ?"},"content":{"rendered":"<p>Les publications historiques sur les missions apportent des r\u00e9ponses instructives \u00e0 la question de savoir comment les missionnaires du 19e si\u00e8cle se comportaient vis-\u00e0-vis des \u00e9trangers et de leurs cultures. Dans ces publications, on trouve des repr\u00e9sentations respectueuses, mais aussi discriminatoires et racistes des soci\u00e9t\u00e9s extra-europ\u00e9ennes. Le germaniste Tevodai Mambai \u00e9tudie dans des rapports de voyage et de mission en langue allemande la mani\u00e8re dont on \u00e9crivait sur les montagnards* du nord du Cameroun et du nord-est du Nigeria. Il montre comment la discrimination, le racisme et les images coloniales sont perp\u00e9tu\u00e9s de mani\u00e8re visible et invisible jusqu'\u00e0 nos jours. Marilyn Umurungi, artiste et actrice culturelle, analyse comment de telles descriptions marquent encore aujourd'hui notre vision des personnes noires : Quelles sont les images racistes transmises sur les personnes de couleur qui continuent \u00e0 circuler ?<\/p>\n\n\n\n<p>Tevodai Mambai a \u00e9tudi\u00e9 la germanistique, la p\u00e9dagogie et la didactique \u00e0 l'Universit\u00e9 de Yaound\u00e9 et a travaill\u00e9 plusieurs ann\u00e9es comme professeur d'allemand langue \u00e9trang\u00e8re au lyc\u00e9e de Maroua, au Cameroun. Il a obtenu son master \u00e0 l'Universit\u00e9 de Maroua avec un travail sur la modernisation et la christianisation des populations montagnardes du Nord-Cameroun sur la base des r\u00e9cits de voyage de l'\u00e9crivain-voyageur et cin\u00e9aste suisse Ren\u00e9 Gardi. Depuis 2020, Tevodai Mambai effectue un doctorat \u00e0 l'Universit\u00e9 de Berne et est collaborateur du Museum der Kulturen Basel.<\/p>\n\n\n\n<figure class=\"wp-block-image size-medium is-resized\"><img decoding=\"async\" width=\"675\" height=\"900\" src=\"https:\/\/www.mission-21.org\/wp-content\/uploads\/2024\/02\/tevodai-mambai_germanist_webinar-20240320_format_4-3-1-675x900.jpg\" alt=\"tevodai mambai germaniste webinaire 20240320 format 4 3 1\" class=\"wp-image-12248\" style=\"width:450px\" srcset=\"https:\/\/www.mission-21.org\/wp-content\/uploads\/2024\/02\/tevodai-mambai_germanist_webinar-20240320_format_4-3-1-675x900.jpg 675w, https:\/\/www.mission-21.org\/wp-content\/uploads\/2024\/02\/tevodai-mambai_germanist_webinar-20240320_format_4-3-1-900x1200.jpg 900w, https:\/\/www.mission-21.org\/wp-content\/uploads\/2024\/02\/tevodai-mambai_germanist_webinar-20240320_format_4-3-1-768x1024.jpg 768w, https:\/\/www.mission-21.org\/wp-content\/uploads\/2024\/02\/tevodai-mambai_germanist_webinar-20240320_format_4-3-1-1152x1536.jpg 1152w, https:\/\/www.mission-21.org\/wp-content\/uploads\/2024\/02\/tevodai-mambai_germanist_webinar-20240320_format_4-3-1-1537x2048.jpg 1537w, https:\/\/www.mission-21.org\/wp-content\/uploads\/2024\/02\/tevodai-mambai_germanist_webinar-20240320_format_4-3-1-9x12.jpg 9w, https:\/\/www.mission-21.org\/wp-content\/uploads\/2024\/02\/tevodai-mambai_germanist_webinar-20240320_format_4-3-1-300x400.jpg 300w, https:\/\/www.mission-21.org\/wp-content\/uploads\/2024\/02\/tevodai-mambai_germanist_webinar-20240320_format_4-3-1-600x800.jpg 600w, https:\/\/www.mission-21.org\/wp-content\/uploads\/2024\/02\/tevodai-mambai_germanist_webinar-20240320_format_4-3-1-scaled.jpg 1921w\" sizes=\"(max-width: 675px) 100vw, 675px\" \/><\/figure>\n\n\n\n<p><br>Marilyn Umurungi est commissaire d'exposition et cr\u00e9atrice d'art et de culture. Elle est actuellement membre du conseil d'administration de l'exposition \"kolonial - globale Verflechtungen der Schweiz\" du Mus\u00e9e national \u00e0 Zurich. Dans son travail de m\u00e9diation culturelle et artistique, elle s'int\u00e9resse aux m\u00e9canismes d'inclusion et d'exclusion, ainsi qu'aux formes de racisme dans le contexte europ\u00e9en et suisse - souvent sur fond de mouvements sociaux actuels ou de culture populaire. Elle fait partie de Bla*Sh, un r\u00e9seau pour les personnes noires non binaires et les femmes noires d'origine africaine.<\/p>\n\n\n\n<figure class=\"wp-block-image size-medium is-resized\"><img decoding=\"async\" width=\"674\" height=\"900\" src=\"https:\/\/www.mission-21.org\/wp-content\/uploads\/2024\/02\/marilyn-umurungi_kuratorin_webinar_20240320_format-4-3-674x900.jpg\" alt=\"marilyn umurungi curatrice webinaire 20240320 format 4 3\" class=\"wp-image-12250\" style=\"width:450px\" srcset=\"https:\/\/www.mission-21.org\/wp-content\/uploads\/2024\/02\/marilyn-umurungi_kuratorin_webinar_20240320_format-4-3-674x900.jpg 674w, https:\/\/www.mission-21.org\/wp-content\/uploads\/2024\/02\/marilyn-umurungi_kuratorin_webinar_20240320_format-4-3-768x1025.jpg 768w, https:\/\/www.mission-21.org\/wp-content\/uploads\/2024\/02\/marilyn-umurungi_kuratorin_webinar_20240320_format-4-3-9x12.jpg 9w, https:\/\/www.mission-21.org\/wp-content\/uploads\/2024\/02\/marilyn-umurungi_kuratorin_webinar_20240320_format-4-3-300x400.jpg 300w, https:\/\/www.mission-21.org\/wp-content\/uploads\/2024\/02\/marilyn-umurungi_kuratorin_webinar_20240320_format-4-3-600x801.jpg 600w, https:\/\/www.mission-21.org\/wp-content\/uploads\/2024\/02\/marilyn-umurungi_kuratorin_webinar_20240320_format-4-3.jpg 806w\" sizes=\"(max-width: 674px) 100vw, 674px\" \/><\/figure>\n\n\n\n<p><\/p>\n\n\n\n<p>Dans la discussion avec les deux chercheurs, nous nous interrogeons sur ce que ces st\u00e9r\u00e9otypes r\u00e9v\u00e8lent de la construction de la blancheur et comment il serait possible de surmonter l'exotisme et les discriminations.<\/p>\n\n\n\n<p>Mod\u00e9ration et concept : Claudia Buess, responsable des manifestations \u00e9ducatives, Mission 21. Manifestation en allemand avec traduction simultan\u00e9e en anglais<\/p>","protected":false},"excerpt":{"rendered":"<p>Comment les missionnaires du 19e si\u00e8cle se comportaient-ils face aux \u00e9trangers et \u00e0 leurs cultures ? Les repr\u00e9sentations des soci\u00e9t\u00e9s extra-europ\u00e9ennes dans les publications missionnaires historiques fournissent des r\u00e9ponses \u00e9clairantes. Le germaniste Tevodai Mambai a \u00e9tudi\u00e9 des r\u00e9cits de voyage et de mission en langue allemande sur les montagnards* du nord du Cameroun et du nord-est du Nigeria. Et la cr\u00e9atrice d'art et de culture Marilyn Umurungi analyse comment de telles descriptions de l'\u00e9poque marquent encore aujourd'hui notre vision des personnes noires. Dans notre s\u00e9rie de webinaires, nous faisons dialoguer les deux chercheurs.<\/p>","protected":false},"featured_media":11903,"template":"","meta":{"_acf_changed":true,"_seopress_robots_primary_cat":"","_seopress_titles_title":"","_seopress_titles_desc":"","_seopress_robots_index":"","_searchwp_excluded":"","site-sidebar-layout":"default","site-content-layout":"","ast-site-content-layout":"default","site-content-style":"default","site-sidebar-style":"default","ast-global-header-display":"","ast-banner-title-visibility":"","ast-main-header-display":"","ast-hfb-above-header-display":"","ast-hfb-below-header-display":"","ast-hfb-mobile-header-display":"","site-post-title":"","ast-breadcrumbs-content":"","ast-featured-img":"","footer-sml-layout":"","ast-disable-related-posts":"","theme-transparent-header-meta":"","adv-header-id-meta":"","stick-header-meta":"","header-above-stick-meta":"","header-main-stick-meta":"","header-below-stick-meta":"","astra-migrate-meta-layouts":"set","ast-page-background-enabled":"default","ast-page-background-meta":{"desktop":{"background-color":"var(--ast-global-color-4)","background-image":"","background-repeat":"repeat","background-position":"center center","background-size":"auto","background-attachment":"scroll","background-type":"","background-media":"","overlay-type":"","overlay-color":"","overlay-opacity":"","overlay-gradient":""},"tablet":{"background-color":"","background-image":"","background-repeat":"repeat","background-position":"center center","background-size":"auto","background-attachment":"scroll","background-type":"","background-media":"","overlay-type":"","overlay-color":"","overlay-opacity":"","overlay-gradient":""},"mobile":{"background-color":"","background-image":"","background-repeat":"repeat","background-position":"center center","background-size":"auto","background-attachment":"scroll","background-type":"","background-media":"","overlay-type":"","overlay-color":"","overlay-opacity":"","overlay-gradient":""}},"ast-content-background-meta":{"desktop":{"background-color":"var(--ast-global-color-5)","background-image":"","background-repeat":"repeat","background-position":"center center","background-size":"auto","background-attachment":"scroll","background-type":"","background-media":"","overlay-type":"","overlay-color":"","overlay-opacity":"","overlay-gradient":""},"tablet":{"background-color":"var(--ast-global-color-5)","background-image":"","background-repeat":"repeat","background-position":"center center","background-size":"auto","background-attachment":"scroll","background-type":"","background-media":"","overlay-type":"","overlay-color":"","overlay-opacity":"","overlay-gradient":""},"mobile":{"background-color":"var(--ast-global-color-5)","background-image":"","background-repeat":"repeat","background-position":"center center","background-size":"auto","background-attachment":"scroll","background-type":"","background-media":"","overlay-type":"","overlay-color":"","overlay-opacity":"","overlay-gradient":""}}},"land":[],"veranstaltungskategorie":[227],"class_list":{"0":"post-11899","1":"veranstaltung","2":"type-veranstaltung","3":"status-publish","4":"has-post-thumbnail","6":"veranstaltungskategorie-webinar-mission-colonialism-revisited"},"acf":{"bildbeschriftung":"","datum":"20240320","end_datum":"20240320","start_uhrzeit":"18:15:00","ende_uhrzeit":"19:45:00","ort":"Online","weiterleitung":""},"_links":{"self":[{"href":"https:\/\/www.mission-21.org\/fr\/wp-json\/wp\/v2\/veranstaltung\/11899","targetHints":{"allow":["GET"]}}],"collection":[{"href":"https:\/\/www.mission-21.org\/fr\/wp-json\/wp\/v2\/veranstaltung"}],"about":[{"href":"https:\/\/www.mission-21.org\/fr\/wp-json\/wp\/v2\/types\/veranstaltung"}],"wp:featuredmedia":[{"embeddable":true,"href":"https:\/\/www.mission-21.org\/fr\/wp-json\/wp\/v2\/media\/11903"}],"wp:attachment":[{"href":"https:\/\/www.mission-21.org\/fr\/wp-json\/wp\/v2\/media?parent=11899"}],"wp:term":[{"taxonomy":"land","embeddable":true,"href":"https:\/\/www.mission-21.org\/fr\/wp-json\/wp\/v2\/land?post=11899"},{"taxonomy":"veranstaltungskategorie","embeddable":true,"href":"https:\/\/www.mission-21.org\/fr\/wp-json\/wp\/v2\/veranstaltungskategorie?post=11899"}],"curies":[{"name":"wp","href":"https:\/\/api.w.org\/{rel}","templated":true}]}}

<p>Les publications historiques sur les missions apportent des réponses instructives à la question de savoir comment les missionnaires du 19e siècle se comportaient vis-à-vis des étrangers et de leurs cultures. Dans ces publications, on trouve des représentations respectueuses, mais aussi discriminatoires et racistes des sociétés extra-européennes. Le germaniste Tevodai Mambai étudie dans des rapports de voyage et de mission en langue allemande la manière dont on écrivait sur les montagnards* du nord du Cameroun et du nord-est du Nigeria. Il montre comment la discrimination, le racisme et les images coloniales sont perpétués de manière visible et invisible jusqu'à nos jours. Marilyn Umurungi, artiste et actrice culturelle, analyse comment de telles descriptions marquent encore aujourd'hui notre vision des personnes noires : Quelles sont les images racistes transmises sur les personnes de couleur qui continuent à circuler ?</p>



<p>Tevodai Mambai a étudié la germanistique, la pédagogie et la didactique à l'Université de Yaoundé et a travaillé plusieurs années comme professeur d'allemand langue étrangère au lycée de Maroua, au Cameroun. Il a obtenu son master à l'Université de Maroua avec un travail sur la modernisation et la christianisation des populations montagnardes du Nord-Cameroun sur la base des récits de voyage de l'écrivain-voyageur et cinéaste suisse René Gardi. Depuis 2020, Tevodai Mambai effectue un doctorat à l'Université de Berne et est collaborateur du Museum der Kulturen Basel.</p>



<figure class="wp-block-image size-medium is-resized"><img decoding="async" width="675" height="900" src="https://www.mission-21.org/wp-content/uploads/2024/02/tevodai-mambai_germanist_webinar-20240320_format_4-3-1-675x900.jpg" alt="tevodai mambai germaniste webinaire 20240320 format 4 3 1" class="wp-image-12248" style="width:450px" srcset="https://www.mission-21.org/wp-content/uploads/2024/02/tevodai-mambai_germanist_webinar-20240320_format_4-3-1-675x900.jpg 675w, https://www.mission-21.org/wp-content/uploads/2024/02/tevodai-mambai_germanist_webinar-20240320_format_4-3-1-900x1200.jpg 900w, https://www.mission-21.org/wp-content/uploads/2024/02/tevodai-mambai_germanist_webinar-20240320_format_4-3-1-768x1024.jpg 768w, https://www.mission-21.org/wp-content/uploads/2024/02/tevodai-mambai_germanist_webinar-20240320_format_4-3-1-1152x1536.jpg 1152w, https://www.mission-21.org/wp-content/uploads/2024/02/tevodai-mambai_germanist_webinar-20240320_format_4-3-1-1537x2048.jpg 1537w, https://www.mission-21.org/wp-content/uploads/2024/02/tevodai-mambai_germanist_webinar-20240320_format_4-3-1-9x12.jpg 9w, https://www.mission-21.org/wp-content/uploads/2024/02/tevodai-mambai_germanist_webinar-20240320_format_4-3-1-300x400.jpg 300w, https://www.mission-21.org/wp-content/uploads/2024/02/tevodai-mambai_germanist_webinar-20240320_format_4-3-1-600x800.jpg 600w, https://www.mission-21.org/wp-content/uploads/2024/02/tevodai-mambai_germanist_webinar-20240320_format_4-3-1-scaled.jpg 1921w" sizes="(max-width: 675px) 100vw, 675px" /></figure>



<p><br>Marilyn Umurungi est commissaire d'exposition et créatrice d'art et de culture. Elle est actuellement membre du conseil d'administration de l'exposition "kolonial - globale Verflechtungen der Schweiz" du Musée national à Zurich. Dans son travail de médiation culturelle et artistique, elle s'intéresse aux mécanismes d'inclusion et d'exclusion, ainsi qu'aux formes de racisme dans le contexte européen et suisse - souvent sur fond de mouvements sociaux actuels ou de culture populaire. Elle fait partie de Bla*Sh, un réseau pour les personnes noires non binaires et les femmes noires d'origine africaine.</p>



<figure class="wp-block-image size-medium is-resized"><img decoding="async" width="674" height="900" src="https://www.mission-21.org/wp-content/uploads/2024/02/marilyn-umurungi_kuratorin_webinar_20240320_format-4-3-674x900.jpg" alt="marilyn umurungi curatrice webinaire 20240320 format 4 3" class="wp-image-12250" style="width:450px" srcset="https://www.mission-21.org/wp-content/uploads/2024/02/marilyn-umurungi_kuratorin_webinar_20240320_format-4-3-674x900.jpg 674w, https://www.mission-21.org/wp-content/uploads/2024/02/marilyn-umurungi_kuratorin_webinar_20240320_format-4-3-768x1025.jpg 768w, https://www.mission-21.org/wp-content/uploads/2024/02/marilyn-umurungi_kuratorin_webinar_20240320_format-4-3-9x12.jpg 9w, https://www.mission-21.org/wp-content/uploads/2024/02/marilyn-umurungi_kuratorin_webinar_20240320_format-4-3-300x400.jpg 300w, https://www.mission-21.org/wp-content/uploads/2024/02/marilyn-umurungi_kuratorin_webinar_20240320_format-4-3-600x801.jpg 600w, https://www.mission-21.org/wp-content/uploads/2024/02/marilyn-umurungi_kuratorin_webinar_20240320_format-4-3.jpg 806w" sizes="(max-width: 674px) 100vw, 674px" /></figure>



<p></p>



<p>Dans la discussion avec les deux chercheurs, nous nous interrogeons sur ce que ces stéréotypes révèlent de la construction de la blancheur et comment il serait possible de surmonter l'exotisme et les discriminations.</p>



<p>Modération et concept : Claudia Buess, responsable des manifestations éducatives, Mission 21. Manifestation en allemand avec traduction simultanée en anglais</p>

<p>Comment les missionnaires du 19e siècle se comportaient-ils face aux étrangers et à leurs cultures ? Les représentations des sociétés extra-européennes dans les publications missionnaires historiques fournissent des réponses éclairantes. Le germaniste Tevodai Mambai a étudié des récits de voyage et de mission en langue allemande sur les montagnards* du nord du Cameroun et du nord-est du Nigeria. Et la créatrice d'art et de culture Marilyn Umurungi analyse comment de telles descriptions de l'époque marquent encore aujourd'hui notre vision des personnes noires. Dans notre série de webinaires, nous faisons dialoguer les deux chercheurs.</p>
