{"id":19303,"date":"2025-12-08T11:23:15","date_gmt":"2025-12-08T10:23:15","guid":{"rendered":"https:\/\/www.mission-21.org\/?post_type=veranstaltung&#038;p=19303"},"modified":"2026-04-20T10:54:49","modified_gmt":"2026-04-20T08:54:49","slug":"plateforme-vision-du-monde-2","status":"publish","type":"veranstaltung","link":"https:\/\/www.mission-21.org\/fr\/veranstaltung\/plattform-weltsicht-2\/","title":{"rendered":"Annul\u00e9 : Plateforme Vision du monde"},"content":{"rendered":"<p><strong><mark style=\"background-color:rgba(0, 0, 0, 0);color:#cf2e2e\" class=\"has-inline-color\">UPDATE : L'\u00e9v\u00e9nement a \u00e9t\u00e9 annul\u00e9 par les organisateurs* pour cette ann\u00e9e. Nous nous r\u00e9jouissons de reprendre la plateforme Vision du monde l'ann\u00e9e prochaine.<\/mark><\/strong><\/p>\n\n\n\n<p>La plateforme Vision du monde montre, sur la base de la campagne de Mission 21, comment les participants peuvent utiliser les offres et les ressources de Mission 21 pour int\u00e9grer des th\u00e8mes d'importance mondiale dans leur propre travail. Un approfondissement th\u00e9matique issu de projets de coop\u00e9ration internationale compl\u00e8te les apports pratiques et met en \u00e9vidence l'importance des perspectives globales.<\/p>\n\n\n\n<p>L'accent mis sur la pr\u00e9vention de la violence et l'autod\u00e9termination est d'une grande importance, car les femmes, les filles et les membres de la communaut\u00e9 LGBTQIA+ sont quotidiennement victimes d'oppression, de discrimination et de violence dans toutes les r\u00e9gions du monde. Dans les soci\u00e9t\u00e9s patriarcales, un soutien solidaire et un changement structurel sont donc n\u00e9cessaires pour apporter plus de protection et de droits aux personnes concern\u00e9es.<\/p>\n\n\n\n<p><strong>La plate-forme Vision du monde est organis\u00e9e en coop\u00e9ration avec Refbejuso, au Stadtkloster Frieden, Friedensstrasse 9, Berne.<\/strong><\/p>\n\n\n\n<p><a href=\"https:\/\/www.mission-21.org\/fr\/apercu-de-la-campagne-2026\/\" target=\"_blank\" rel=\"noreferrer noopener\">\u25ba Aper\u00e7u de la campagne 2026 de Mission 21<\/a><\/p>\n\n\n\n<p><a href=\"https:\/\/www.refbejuso.ch\/angebot\/veranstaltungen\/plattform-weltsicht-2026\" target=\"_blank\" rel=\"noreferrer noopener\">\u25ba Informations sur la plateforme Vision du monde et inscription<\/a><\/p>\n\n\n\n<p><\/p>","protected":false},"excerpt":{"rendered":"<p>Lors de la plate-forme annuelle \"Vision du monde\", les collaborateurs des Eglises et d'autres personnes int\u00e9ress\u00e9es ont un aper\u00e7u des nombreuses offres de Mission 21 pour leur propre activit\u00e9. La campagne de Mission 21 sert de base - cette ann\u00e9e sur le th\u00e8me \"S'engager pour les droits de l'homme : renforcer les personnes touch\u00e9es par la violence, promouvoir l'autod\u00e9termination\". La campagne met l'accent sur des projets de pr\u00e9vention de la violence ainsi que sur les soins aigus et l'autod\u00e9termination au P\u00e9rou, en Bolivie et en Indon\u00e9sie. <\/p>","protected":false},"featured_media":17862,"template":"","meta":{"_acf_changed":false,"_seopress_robots_primary_cat":"","_seopress_titles_title":"","_seopress_titles_desc":"","_seopress_robots_index":"","_searchwp_excluded":"","site-sidebar-layout":"default","site-content-layout":"","ast-site-content-layout":"default","site-content-style":"default","site-sidebar-style":"default","ast-global-header-display":"","ast-banner-title-visibility":"","ast-main-header-display":"","ast-hfb-above-header-display":"","ast-hfb-below-header-display":"","ast-hfb-mobile-header-display":"","site-post-title":"","ast-breadcrumbs-content":"","ast-featured-img":"","footer-sml-layout":"","ast-disable-related-posts":"","theme-transparent-header-meta":"","adv-header-id-meta":"","stick-header-meta":"","header-above-stick-meta":"","header-main-stick-meta":"","header-below-stick-meta":"","astra-migrate-meta-layouts":"set","ast-page-background-enabled":"default","ast-page-background-meta":{"desktop":{"background-color":"var(--ast-global-color-4)","background-image":"","background-repeat":"repeat","background-position":"center center","background-size":"auto","background-attachment":"scroll","background-type":"","background-media":"","overlay-type":"","overlay-color":"","overlay-opacity":"","overlay-gradient":""},"tablet":{"background-color":"","background-image":"","background-repeat":"repeat","background-position":"center center","background-size":"auto","background-attachment":"scroll","background-type":"","background-media":"","overlay-type":"","overlay-color":"","overlay-opacity":"","overlay-gradient":""},"mobile":{"background-color":"","background-image":"","background-repeat":"repeat","background-position":"center center","background-size":"auto","background-attachment":"scroll","background-type":"","background-media":"","overlay-type":"","overlay-color":"","overlay-opacity":"","overlay-gradient":""}},"ast-content-background-meta":{"desktop":{"background-color":"var(--ast-global-color-5)","background-image":"","background-repeat":"repeat","background-position":"center center","background-size":"auto","background-attachment":"scroll","background-type":"","background-media":"","overlay-type":"","overlay-color":"","overlay-opacity":"","overlay-gradient":""},"tablet":{"background-color":"var(--ast-global-color-5)","background-image":"","background-repeat":"repeat","background-position":"center center","background-size":"auto","background-attachment":"scroll","background-type":"","background-media":"","overlay-type":"","overlay-color":"","overlay-opacity":"","overlay-gradient":""},"mobile":{"background-color":"var(--ast-global-color-5)","background-image":"","background-repeat":"repeat","background-position":"center center","background-size":"auto","background-attachment":"scroll","background-type":"","background-media":"","overlay-type":"","overlay-color":"","overlay-opacity":"","overlay-gradient":""}}},"land":[48,37,28,34],"veranstaltungskategorie":[239],"class_list":{"0":"post-19303","1":"veranstaltung","2":"type-veranstaltung","3":"status-publish","4":"has-post-thumbnail","6":"land-bolivien","7":"land-indonesien","8":"land-peru","9":"land-schweiz","10":"veranstaltungskategorie-informationsanlaesse"},"acf":{"bildbeschriftung":"","datum":"20260423","end_datum":"20260423","start_uhrzeit":"13:00:00","ende_uhrzeit":"17:00:00","ort":"Stadtkloster Frieden, Bern","weiterleitung":""},"_links":{"self":[{"href":"https:\/\/www.mission-21.org\/fr\/wp-json\/wp\/v2\/veranstaltung\/19303","targetHints":{"allow":["GET"]}}],"collection":[{"href":"https:\/\/www.mission-21.org\/fr\/wp-json\/wp\/v2\/veranstaltung"}],"about":[{"href":"https:\/\/www.mission-21.org\/fr\/wp-json\/wp\/v2\/types\/veranstaltung"}],"wp:featuredmedia":[{"embeddable":true,"href":"https:\/\/www.mission-21.org\/fr\/wp-json\/wp\/v2\/media\/17862"}],"wp:attachment":[{"href":"https:\/\/www.mission-21.org\/fr\/wp-json\/wp\/v2\/media?parent=19303"}],"wp:term":[{"taxonomy":"land","embeddable":true,"href":"https:\/\/www.mission-21.org\/fr\/wp-json\/wp\/v2\/land?post=19303"},{"taxonomy":"veranstaltungskategorie","embeddable":true,"href":"https:\/\/www.mission-21.org\/fr\/wp-json\/wp\/v2\/veranstaltungskategorie?post=19303"}],"curies":[{"name":"wp","href":"https:\/\/api.w.org\/{rel}","templated":true}]}}

Annulé : Plateforme Vision du monde

<p><strong><mark style="background-color:rgba(0, 0, 0, 0);color:#cf2e2e" class="has-inline-color">UPDATE : L'événement a été annulé par les organisateurs* pour cette année. Nous nous réjouissons de reprendre la plateforme Vision du monde l'année prochaine.</mark></strong></p>



<p>La plateforme Vision du monde montre, sur la base de la campagne de Mission 21, comment les participants peuvent utiliser les offres et les ressources de Mission 21 pour intégrer des thèmes d'importance mondiale dans leur propre travail. Un approfondissement thématique issu de projets de coopération internationale complète les apports pratiques et met en évidence l'importance des perspectives globales.</p>



<p>L'accent mis sur la prévention de la violence et l'autodétermination est d'une grande importance, car les femmes, les filles et les membres de la communauté LGBTQIA+ sont quotidiennement victimes d'oppression, de discrimination et de violence dans toutes les régions du monde. Dans les sociétés patriarcales, un soutien solidaire et un changement structurel sont donc nécessaires pour apporter plus de protection et de droits aux personnes concernées.</p>



<p><strong>La plate-forme Vision du monde est organisée en coopération avec Refbejuso, au Stadtkloster Frieden, Friedensstrasse 9, Berne.</strong></p>



<p><a href="https://www.mission-21.org/fr/apercu-de-la-campagne-2026/" target="_blank" rel="noreferrer noopener">► Aperçu de la campagne 2026 de Mission 21</a></p>



<p><a href="https://www.refbejuso.ch/angebot/veranstaltungen/plattform-weltsicht-2026" target="_blank" rel="noreferrer noopener">► Informations sur la plateforme Vision du monde et inscription</a></p>



<p></p>

<p>Lors de la plate-forme annuelle "Vision du monde", les collaborateurs des Eglises et d'autres personnes intéressées ont un aperçu des nombreuses offres de Mission 21 pour leur propre activité. La campagne de Mission 21 sert de base - cette année sur le thème "S'engager pour les droits de l'homme : renforcer les personnes touchées par la violence, promouvoir l'autodétermination". La campagne met l'accent sur des projets de prévention de la violence ainsi que sur les soins aigus et l'autodétermination au Pérou, en Bolivie et en Indonésie. </p>
